{"id":6916,"date":"2026-02-23T18:16:27","date_gmt":"2026-02-23T17:16:27","guid":{"rendered":"https:\/\/spack-webdesign.de\/rehl-klima\/?page_id=6916"},"modified":"2026-02-26T14:48:54","modified_gmt":"2026-02-26T13:48:54","slug":"vaillant-durchlauferhitzer","status":"publish","type":"page","link":"https:\/\/spack-webdesign.de\/rehl-klima\/heizung-klima-service\/durchlauferhitzer\/vaillant-durchlauferhitzer\/","title":{"rendered":"Vaillant"},"content":{"rendered":"<div class=\"fusion-fullwidth fullwidth-box fusion-builder-row-1 fusion-flex-container has-pattern-background has-mask-background nonhundred-percent-fullwidth non-hundred-percent-height-scrolling\" style=\"--awb-border-radius-top-left:0px;--awb-border-radius-top-right:0px;--awb-border-radius-bottom-right:0px;--awb-border-radius-bottom-left:0px;--awb-flex-wrap:wrap;\" ><div class=\"fusion-builder-row fusion-row fusion-flex-align-items-flex-start fusion-flex-content-wrap\" style=\"max-width:1216.8px;margin-left: calc(-4% \/ 2 );margin-right: calc(-4% \/ 2 );\"><div class=\"fusion-layout-column fusion_builder_column fusion-builder-column-0 fusion_builder_column_1_1 1_1 fusion-flex-column\" style=\"--awb-padding-bottom:25px;--awb-overflow:hidden;--awb-bg-blend:overlay;--awb-bg-size:cover;--awb-border-color:#d8d8d8;--awb-border-color-hover:#5a80dd;--awb-border-radius:15px 15px 15px 15px;--awb-width-large:100%;--awb-margin-top-large:0px;--awb-spacing-right-large:1.92%;--awb-margin-bottom-large:0px;--awb-spacing-left-large:1.92%;--awb-width-medium:100%;--awb-spacing-right-medium:1.92%;--awb-spacing-left-medium:1.92%;--awb-width-small:100%;--awb-spacing-right-small:1.92%;--awb-spacing-left-small:1.92%;\"><div class=\"fusion-column-wrapper fusion-flex-justify-content-flex-start fusion-content-layout-column\"><div class=\"fusion-image-element \" style=\"--awb-caption-title-font-family:var(--h2_typography-font-family);--awb-caption-title-font-weight:var(--h2_typography-font-weight);--awb-caption-title-font-style:var(--h2_typography-font-style);--awb-caption-title-size:var(--h2_typography-font-size);--awb-caption-title-transform:var(--h2_typography-text-transform);--awb-caption-title-line-height:var(--h2_typography-line-height);--awb-caption-title-letter-spacing:var(--h2_typography-letter-spacing);\"><span class=\" fusion-imageframe imageframe-none imageframe-1 hover-type-none\"><img decoding=\"async\" width=\"300\" height=\"169\" title=\"vaillant-logo-aw-2104046\" src=\"https:\/\/spack-webdesign.de\/rehl-klima\/wp-content\/uploads\/2026\/02\/vaillant-logo-aw-2104046-300x169.png\" alt class=\"img-responsive wp-image-6825\" srcset=\"https:\/\/spack-webdesign.de\/rehl-klima\/wp-content\/uploads\/2026\/02\/vaillant-logo-aw-2104046-200x113.png 200w, https:\/\/spack-webdesign.de\/rehl-klima\/wp-content\/uploads\/2026\/02\/vaillant-logo-aw-2104046-400x225.png 400w, https:\/\/spack-webdesign.de\/rehl-klima\/wp-content\/uploads\/2026\/02\/vaillant-logo-aw-2104046-600x338.png 600w, https:\/\/spack-webdesign.de\/rehl-klima\/wp-content\/uploads\/2026\/02\/vaillant-logo-aw-2104046-800x450.png 800w, https:\/\/spack-webdesign.de\/rehl-klima\/wp-content\/uploads\/2026\/02\/vaillant-logo-aw-2104046-1200x675.png 1200w, https:\/\/spack-webdesign.de\/rehl-klima\/wp-content\/uploads\/2026\/02\/vaillant-logo-aw-2104046.png 1280w\" sizes=\"(max-width: 1024px) 100vw, (max-width: 640px) 100vw, 1200px\" \/><\/span><\/div><\/div><\/div><div class=\"fusion-layout-column fusion_builder_column fusion-builder-column-1 fusion_builder_column_1_1 1_1 fusion-flex-column\" style=\"--awb-bg-size:cover;--awb-width-large:100%;--awb-margin-top-large:0px;--awb-spacing-right-large:1.92%;--awb-margin-bottom-large:20px;--awb-spacing-left-large:1.92%;--awb-width-medium:100%;--awb-order-medium:0;--awb-spacing-right-medium:1.92%;--awb-spacing-left-medium:1.92%;--awb-width-small:100%;--awb-order-small:0;--awb-spacing-right-small:1.92%;--awb-spacing-left-small:1.92%;\"><div class=\"fusion-column-wrapper fusion-column-has-shadow fusion-flex-justify-content-flex-start fusion-content-layout-column\"><div class=\"fusion-text fusion-text-1\" style=\"--awb-text-color:var(--awb-color7);--awb-text-font-family:&quot;Kumbh Sans&quot;;--awb-text-font-style:normal;--awb-text-font-weight:300;\"><div class=\"flex-shrink-0 flex flex-col relative items-end\">\n<p data-start=\"301\" data-end=\"636\"><strong data-start=\"301\" data-end=\"313\">Vaillant<\/strong> steht f\u00fcr hochwertige Haustechnik und bietet mit seinen <strong data-start=\"370\" data-end=\"400\">Elektro-Durchlauferhitzern<\/strong> zuverl\u00e4ssige L\u00f6sungen zur bedarfsgerechten Warmwasserbereitung. Die Ger\u00e4te eignen sich besonders f\u00fcr Haushalte oder Einzelentnahmestellen, bei denen Warmwasser ohne gro\u00dfen Speicherbedarf direkt und energieeffizient erzeugt werden soll.<\/p>\n<p data-start=\"638\" data-end=\"958\">Elektro-Durchlauferhitzer arbeiten nach dem Prinzip der <strong data-start=\"694\" data-end=\"718\">sofortigen Erw\u00e4rmung<\/strong>: Sie erhitzen Wasser erst dann, wenn es ben\u00f6tigt wird. Das spart Energie, da keine Verluste durch warme Speicher entstehen, und sorgt gleichzeitig jederzeit f\u00fcr warmes Wasser \u2013 unabh\u00e4ngig von Heizkessel oder zentraler Warmwasserversorgung.<\/p>\n<p data-start=\"960\" data-end=\"1351\">Die Durchlauferhitzer von Vaillant zeichnen sich durch kompakte Bauformen, einfache Installation und zuverl\u00e4ssige Technik aus. Sie lassen sich flexibel in Badezimmer, K\u00fcche oder Versorgungszonen integrieren und bieten eine pr\u00e4zise Temperaturregelung zur komfortablen Nutzung. Dank robuster Elektronik und durchdachter Sicherheitstechnik sind sie ideal f\u00fcr den dauerhaften Einsatz konzipiert.<\/p>\n<p data-start=\"1353\" data-end=\"1603\">Als Partner von Vaillant setzen wir auf diese bew\u00e4hrten L\u00f6sungen und unterst\u00fctzen Sie bei der Auswahl, fachgerechten Installation und Wartung Ihrer Elektro-Durchlauferhitzer \u2013 f\u00fcr eine komfortable und effiziente Warmwasserversorgung in Ihrem Zuhause.<\/p>\n<\/div>\n<\/div><\/div><\/div><div class=\"fusion-layout-column fusion_builder_column fusion-builder-column-2 fusion_builder_column_1_3 1_3 fusion-flex-column\" style=\"--awb-bg-size:cover;--awb-width-large:33.3333333333%;--awb-margin-top-large:0px;--awb-spacing-right-large:5.76%;--awb-margin-bottom-large:20px;--awb-spacing-left-large:5.76%;--awb-width-medium:100%;--awb-order-medium:0;--awb-spacing-right-medium:1.92%;--awb-spacing-left-medium:1.92%;--awb-width-small:100%;--awb-order-small:0;--awb-spacing-right-small:1.92%;--awb-spacing-left-small:1.92%;\"><div class=\"fusion-column-wrapper fusion-column-has-shadow fusion-flex-justify-content-flex-start fusion-content-layout-column\"><\/div><\/div><div class=\"fusion-layout-column fusion_builder_column fusion-builder-column-3 fusion_builder_column_1_3 1_3 fusion-flex-column\" style=\"--awb-bg-size:cover;--awb-width-large:33.3333333333%;--awb-margin-top-large:75px;--awb-spacing-right-large:5.76%;--awb-margin-bottom-large:75px;--awb-spacing-left-large:5.76%;--awb-width-medium:100%;--awb-order-medium:0;--awb-spacing-right-medium:1.92%;--awb-spacing-left-medium:1.92%;--awb-width-small:100%;--awb-order-small:0;--awb-spacing-right-small:1.92%;--awb-spacing-left-small:1.92%;\"><div class=\"fusion-column-wrapper fusion-column-has-shadow fusion-flex-justify-content-flex-start fusion-content-layout-column\"><div style=\"text-align:center;\"><a class=\"fusion-button button-flat fusion-button-default-size button-default fusion-button-default button-1 fusion-button-default-span fusion-button-default-type awb-b-icon-pos-right\" target=\"_blank\" rel=\"noopener noreferrer\" data-hover=\"icon_position\" href=\"https:\/\/www.vaillant.de\/produkte\/elektrogeraete\/elektro-durchlauferhitzer\/\"><span class=\"fusion-button-text awb-button__text awb-button__text--default\">Mehr erfahren<\/span><i class=\"fa-angle-right fas awb-button__icon awb-button__icon--default button-icon-right\" aria-hidden=\"true\"><\/i><i class=\"fa-angle-right fas awb-button__icon awb-button__icon--default button-icon-right\" aria-hidden=\"true\"><\/i><\/a><\/div><\/div><\/div><div class=\"fusion-layout-column fusion_builder_column fusion-builder-column-4 fusion_builder_column_1_3 1_3 fusion-flex-column\" style=\"--awb-bg-size:cover;--awb-width-large:33.3333333333%;--awb-margin-top-large:0px;--awb-spacing-right-large:5.76%;--awb-margin-bottom-large:20px;--awb-spacing-left-large:5.76%;--awb-width-medium:100%;--awb-order-medium:0;--awb-spacing-right-medium:1.92%;--awb-spacing-left-medium:1.92%;--awb-width-small:100%;--awb-order-small:0;--awb-spacing-right-small:1.92%;--awb-spacing-left-small:1.92%;\"><div class=\"fusion-column-wrapper fusion-column-has-shadow fusion-flex-justify-content-flex-start fusion-content-layout-column\"><\/div><\/div><\/div><\/div>\n","protected":false},"excerpt":{"rendered":"","protected":false},"author":1,"featured_media":0,"parent":6910,"menu_order":0,"comment_status":"closed","ping_status":"closed","template":"100-width.php","meta":{"footnotes":""},"class_list":["post-6916","page","type-page","status-publish","hentry"],"_links":{"self":[{"href":"https:\/\/spack-webdesign.de\/rehl-klima\/wp-json\/wp\/v2\/pages\/6916","targetHints":{"allow":["GET"]}}],"collection":[{"href":"https:\/\/spack-webdesign.de\/rehl-klima\/wp-json\/wp\/v2\/pages"}],"about":[{"href":"https:\/\/spack-webdesign.de\/rehl-klima\/wp-json\/wp\/v2\/types\/page"}],"author":[{"embeddable":true,"href":"https:\/\/spack-webdesign.de\/rehl-klima\/wp-json\/wp\/v2\/users\/1"}],"replies":[{"embeddable":true,"href":"https:\/\/spack-webdesign.de\/rehl-klima\/wp-json\/wp\/v2\/comments?post=6916"}],"version-history":[{"count":3,"href":"https:\/\/spack-webdesign.de\/rehl-klima\/wp-json\/wp\/v2\/pages\/6916\/revisions"}],"predecessor-version":[{"id":7117,"href":"https:\/\/spack-webdesign.de\/rehl-klima\/wp-json\/wp\/v2\/pages\/6916\/revisions\/7117"}],"up":[{"embeddable":true,"href":"https:\/\/spack-webdesign.de\/rehl-klima\/wp-json\/wp\/v2\/pages\/6910"}],"wp:attachment":[{"href":"https:\/\/spack-webdesign.de\/rehl-klima\/wp-json\/wp\/v2\/media?parent=6916"}],"curies":[{"name":"wp","href":"https:\/\/api.w.org\/{rel}","templated":true}]}}

<div class="fusion-fullwidth fullwidth-box fusion-builder-row-1 fusion-flex-container has-pattern-background has-mask-background nonhundred-percent-fullwidth non-hundred-percent-height-scrolling" style="--awb-border-radius-top-left:0px;--awb-border-radius-top-right:0px;--awb-border-radius-bottom-right:0px;--awb-border-radius-bottom-left:0px;--awb-flex-wrap:wrap;" ><div class="fusion-builder-row fusion-row fusion-flex-align-items-flex-start fusion-flex-content-wrap" style="max-width:1216.8px;margin-left: calc(-4% / 2 );margin-right: calc(-4% / 2 );"><div class="fusion-layout-column fusion_builder_column fusion-builder-column-0 fusion_builder_column_1_1 1_1 fusion-flex-column" style="--awb-padding-bottom:25px;--awb-overflow:hidden;--awb-bg-blend:overlay;--awb-bg-size:cover;--awb-border-color:#d8d8d8;--awb-border-color-hover:#5a80dd;--awb-border-radius:15px 15px 15px 15px;--awb-width-large:100%;--awb-margin-top-large:0px;--awb-spacing-right-large:1.92%;--awb-margin-bottom-large:0px;--awb-spacing-left-large:1.92%;--awb-width-medium:100%;--awb-spacing-right-medium:1.92%;--awb-spacing-left-medium:1.92%;--awb-width-small:100%;--awb-spacing-right-small:1.92%;--awb-spacing-left-small:1.92%;"><div class="fusion-column-wrapper fusion-flex-justify-content-flex-start fusion-content-layout-column"><div class="fusion-image-element " style="--awb-caption-title-font-family:var(--h2_typography-font-family);--awb-caption-title-font-weight:var(--h2_typography-font-weight);--awb-caption-title-font-style:var(--h2_typography-font-style);--awb-caption-title-size:var(--h2_typography-font-size);--awb-caption-title-transform:var(--h2_typography-text-transform);--awb-caption-title-line-height:var(--h2_typography-line-height);--awb-caption-title-letter-spacing:var(--h2_typography-letter-spacing);"><span class=" fusion-imageframe imageframe-none imageframe-1 hover-type-none"><img decoding="async" width="300" height="169" title="vaillant-logo-aw-2104046" src="https://spack-webdesign.de/rehl-klima/wp-content/uploads/2026/02/vaillant-logo-aw-2104046-300x169.png" alt class="img-responsive wp-image-6825" srcset="https://spack-webdesign.de/rehl-klima/wp-content/uploads/2026/02/vaillant-logo-aw-2104046-200x113.png 200w, https://spack-webdesign.de/rehl-klima/wp-content/uploads/2026/02/vaillant-logo-aw-2104046-400x225.png 400w, https://spack-webdesign.de/rehl-klima/wp-content/uploads/2026/02/vaillant-logo-aw-2104046-600x338.png 600w, https://spack-webdesign.de/rehl-klima/wp-content/uploads/2026/02/vaillant-logo-aw-2104046-800x450.png 800w, https://spack-webdesign.de/rehl-klima/wp-content/uploads/2026/02/vaillant-logo-aw-2104046-1200x675.png 1200w, https://spack-webdesign.de/rehl-klima/wp-content/uploads/2026/02/vaillant-logo-aw-2104046.png 1280w" sizes="(max-width: 1024px) 100vw, (max-width: 640px) 100vw, 1200px" /></span></div></div></div><div class="fusion-layout-column fusion_builder_column fusion-builder-column-1 fusion_builder_column_1_1 1_1 fusion-flex-column" style="--awb-bg-size:cover;--awb-width-large:100%;--awb-margin-top-large:0px;--awb-spacing-right-large:1.92%;--awb-margin-bottom-large:20px;--awb-spacing-left-large:1.92%;--awb-width-medium:100%;--awb-order-medium:0;--awb-spacing-right-medium:1.92%;--awb-spacing-left-medium:1.92%;--awb-width-small:100%;--awb-order-small:0;--awb-spacing-right-small:1.92%;--awb-spacing-left-small:1.92%;"><div class="fusion-column-wrapper fusion-column-has-shadow fusion-flex-justify-content-flex-start fusion-content-layout-column"><div class="fusion-text fusion-text-1" style="--awb-text-color:var(--awb-color7);--awb-text-font-family:&quot;Kumbh Sans&quot;;--awb-text-font-style:normal;--awb-text-font-weight:300;"><div class="flex-shrink-0 flex flex-col relative items-end">
<p data-start="301" data-end="636"><strong data-start="301" data-end="313">Vaillant</strong> steht für hochwertige Haustechnik und bietet mit seinen <strong data-start="370" data-end="400">Elektro-Durchlauferhitzern</strong> zuverlässige Lösungen zur bedarfsgerechten Warmwasserbereitung. Die Geräte eignen sich besonders für Haushalte oder Einzelentnahmestellen, bei denen Warmwasser ohne großen Speicherbedarf direkt und energieeffizient erzeugt werden soll.</p>
<p data-start="638" data-end="958">Elektro-Durchlauferhitzer arbeiten nach dem Prinzip der <strong data-start="694" data-end="718">sofortigen Erwärmung</strong>: Sie erhitzen Wasser erst dann, wenn es benötigt wird. Das spart Energie, da keine Verluste durch warme Speicher entstehen, und sorgt gleichzeitig jederzeit für warmes Wasser – unabhängig von Heizkessel oder zentraler Warmwasserversorgung.</p>
<p data-start="960" data-end="1351">Die Durchlauferhitzer von Vaillant zeichnen sich durch kompakte Bauformen, einfache Installation und zuverlässige Technik aus. Sie lassen sich flexibel in Badezimmer, Küche oder Versorgungszonen integrieren und bieten eine präzise Temperaturregelung zur komfortablen Nutzung. Dank robuster Elektronik und durchdachter Sicherheitstechnik sind sie ideal für den dauerhaften Einsatz konzipiert.</p>
<p data-start="1353" data-end="1603">Als Partner von Vaillant setzen wir auf diese bewährten Lösungen und unterstützen Sie bei der Auswahl, fachgerechten Installation und Wartung Ihrer Elektro-Durchlauferhitzer – für eine komfortable und effiziente Warmwasserversorgung in Ihrem Zuhause.</p>
</div>
</div></div></div><div class="fusion-layout-column fusion_builder_column fusion-builder-column-2 fusion_builder_column_1_3 1_3 fusion-flex-column" style="--awb-bg-size:cover;--awb-width-large:33.3333333333%;--awb-margin-top-large:0px;--awb-spacing-right-large:5.76%;--awb-margin-bottom-large:20px;--awb-spacing-left-large:5.76%;--awb-width-medium:100%;--awb-order-medium:0;--awb-spacing-right-medium:1.92%;--awb-spacing-left-medium:1.92%;--awb-width-small:100%;--awb-order-small:0;--awb-spacing-right-small:1.92%;--awb-spacing-left-small:1.92%;"><div class="fusion-column-wrapper fusion-column-has-shadow fusion-flex-justify-content-flex-start fusion-content-layout-column"></div></div><div class="fusion-layout-column fusion_builder_column fusion-builder-column-3 fusion_builder_column_1_3 1_3 fusion-flex-column" style="--awb-bg-size:cover;--awb-width-large:33.3333333333%;--awb-margin-top-large:75px;--awb-spacing-right-large:5.76%;--awb-margin-bottom-large:75px;--awb-spacing-left-large:5.76%;--awb-width-medium:100%;--awb-order-medium:0;--awb-spacing-right-medium:1.92%;--awb-spacing-left-medium:1.92%;--awb-width-small:100%;--awb-order-small:0;--awb-spacing-right-small:1.92%;--awb-spacing-left-small:1.92%;"><div class="fusion-column-wrapper fusion-column-has-shadow fusion-flex-justify-content-flex-start fusion-content-layout-column"><div style="text-align:center;"><a class="fusion-button button-flat fusion-button-default-size button-default fusion-button-default button-1 fusion-button-default-span fusion-button-default-type awb-b-icon-pos-right" target="_blank" rel="noopener noreferrer" data-hover="icon_position" href="https://www.vaillant.de/produkte/elektrogeraete/elektro-durchlauferhitzer/"><span class="fusion-button-text awb-button__text awb-button__text--default">Mehr erfahren</span><i class="fa-angle-right fas awb-button__icon awb-button__icon--default button-icon-right" aria-hidden="true"></i><i class="fa-angle-right fas awb-button__icon awb-button__icon--default button-icon-right" aria-hidden="true"></i></a></div></div></div><div class="fusion-layout-column fusion_builder_column fusion-builder-column-4 fusion_builder_column_1_3 1_3 fusion-flex-column" style="--awb-bg-size:cover;--awb-width-large:33.3333333333%;--awb-margin-top-large:0px;--awb-spacing-right-large:5.76%;--awb-margin-bottom-large:20px;--awb-spacing-left-large:5.76%;--awb-width-medium:100%;--awb-order-medium:0;--awb-spacing-right-medium:1.92%;--awb-spacing-left-medium:1.92%;--awb-width-small:100%;--awb-order-small:0;--awb-spacing-right-small:1.92%;--awb-spacing-left-small:1.92%;"><div class="fusion-column-wrapper fusion-column-has-shadow fusion-flex-justify-content-flex-start fusion-content-layout-column"></div></div></div></div>
