{"id":6901,"date":"2026-02-23T17:56:59","date_gmt":"2026-02-23T16:56:59","guid":{"rendered":"https:\/\/spack-webdesign.de\/rehl-klima\/?page_id=6901"},"modified":"2026-02-26T14:46:23","modified_gmt":"2026-02-26T13:46:23","slug":"vaillant-klima","status":"publish","type":"page","link":"https:\/\/spack-webdesign.de\/rehl-klima\/heizung-klima-service\/klima\/vaillant-klima\/","title":{"rendered":"Vaillant"},"content":{"rendered":"<div class=\"fusion-fullwidth fullwidth-box fusion-builder-row-1 fusion-flex-container has-pattern-background has-mask-background nonhundred-percent-fullwidth non-hundred-percent-height-scrolling\" style=\"--awb-border-radius-top-left:0px;--awb-border-radius-top-right:0px;--awb-border-radius-bottom-right:0px;--awb-border-radius-bottom-left:0px;--awb-flex-wrap:wrap;\" ><div class=\"fusion-builder-row fusion-row fusion-flex-align-items-flex-start fusion-flex-content-wrap\" style=\"max-width:1216.8px;margin-left: calc(-4% \/ 2 );margin-right: calc(-4% \/ 2 );\"><div class=\"fusion-layout-column fusion_builder_column fusion-builder-column-0 fusion_builder_column_1_1 1_1 fusion-flex-column\" style=\"--awb-padding-bottom:25px;--awb-overflow:hidden;--awb-bg-blend:overlay;--awb-bg-size:cover;--awb-border-color:#d8d8d8;--awb-border-color-hover:#5a80dd;--awb-border-radius:15px 15px 15px 15px;--awb-width-large:100%;--awb-margin-top-large:0px;--awb-spacing-right-large:1.92%;--awb-margin-bottom-large:0px;--awb-spacing-left-large:1.92%;--awb-width-medium:100%;--awb-spacing-right-medium:1.92%;--awb-spacing-left-medium:1.92%;--awb-width-small:100%;--awb-spacing-right-small:1.92%;--awb-spacing-left-small:1.92%;\"><div class=\"fusion-column-wrapper fusion-flex-justify-content-flex-start fusion-content-layout-column\"><div class=\"fusion-image-element \" style=\"--awb-caption-title-font-family:var(--h2_typography-font-family);--awb-caption-title-font-weight:var(--h2_typography-font-weight);--awb-caption-title-font-style:var(--h2_typography-font-style);--awb-caption-title-size:var(--h2_typography-font-size);--awb-caption-title-transform:var(--h2_typography-text-transform);--awb-caption-title-line-height:var(--h2_typography-line-height);--awb-caption-title-letter-spacing:var(--h2_typography-letter-spacing);\"><span class=\" fusion-imageframe imageframe-none imageframe-1 hover-type-none\"><img decoding=\"async\" width=\"300\" height=\"169\" title=\"vaillant-logo-aw-2104046\" src=\"https:\/\/spack-webdesign.de\/rehl-klima\/wp-content\/uploads\/2026\/02\/vaillant-logo-aw-2104046-300x169.png\" alt class=\"img-responsive wp-image-6825\" srcset=\"https:\/\/spack-webdesign.de\/rehl-klima\/wp-content\/uploads\/2026\/02\/vaillant-logo-aw-2104046-200x113.png 200w, https:\/\/spack-webdesign.de\/rehl-klima\/wp-content\/uploads\/2026\/02\/vaillant-logo-aw-2104046-400x225.png 400w, https:\/\/spack-webdesign.de\/rehl-klima\/wp-content\/uploads\/2026\/02\/vaillant-logo-aw-2104046-600x338.png 600w, https:\/\/spack-webdesign.de\/rehl-klima\/wp-content\/uploads\/2026\/02\/vaillant-logo-aw-2104046-800x450.png 800w, https:\/\/spack-webdesign.de\/rehl-klima\/wp-content\/uploads\/2026\/02\/vaillant-logo-aw-2104046-1200x675.png 1200w, https:\/\/spack-webdesign.de\/rehl-klima\/wp-content\/uploads\/2026\/02\/vaillant-logo-aw-2104046.png 1280w\" sizes=\"(max-width: 1024px) 100vw, (max-width: 640px) 100vw, 1200px\" \/><\/span><\/div><\/div><\/div><div class=\"fusion-layout-column fusion_builder_column fusion-builder-column-1 fusion_builder_column_1_1 1_1 fusion-flex-column\" style=\"--awb-bg-size:cover;--awb-width-large:100%;--awb-margin-top-large:0px;--awb-spacing-right-large:1.92%;--awb-margin-bottom-large:20px;--awb-spacing-left-large:1.92%;--awb-width-medium:100%;--awb-order-medium:0;--awb-spacing-right-medium:1.92%;--awb-spacing-left-medium:1.92%;--awb-width-small:100%;--awb-order-small:0;--awb-spacing-right-small:1.92%;--awb-spacing-left-small:1.92%;\"><div class=\"fusion-column-wrapper fusion-column-has-shadow fusion-flex-justify-content-flex-start fusion-content-layout-column\"><div class=\"fusion-text fusion-text-1\" style=\"--awb-text-color:var(--awb-color7);--awb-text-font-family:&quot;Kumbh Sans&quot;;--awb-text-font-style:normal;--awb-text-font-weight:300;\"><div class=\"flex-shrink-0 flex flex-col relative items-end\">\n<p data-start=\"260\" data-end=\"560\"><strong data-start=\"260\" data-end=\"270\">Clivet<\/strong> bietet hochwertige <em data-start=\"290\" data-end=\"304\">Klimaanlagen<\/em>, die f\u00fcr ein angenehmes Wohn- und Raumklima das ganze Jahr \u00fcber sorgen. Die Systeme wurden speziell f\u00fcr private Wohnbereiche entwickelt und verbinden moderne K\u00fchl- und Heizfunktionen mit energieeffizienter Technik, intuitiver Bedienung und leisem Betrieb.<\/p>\n<p data-start=\"562\" data-end=\"959\">Die Klimager\u00e4te von Clivet nutzen fortschrittliche Inverter-Technologie, um Temperatur, Luftfeuchte und Luftqualit\u00e4t gezielt zu regulieren. So bleiben R\u00e4ume im Sommer angenehm k\u00fchl und im \u00dcbergang oder Winteraufheizmodus komfortabel temperiert \u2013 ohne starken Energieverbrauch. Durch intelligente Steuerungsoptionen lassen sich die Anlagen einfach steuern und auf individuelle Bed\u00fcrfnisse anpassen.<\/p>\n<p data-start=\"961\" data-end=\"1346\">Ein weiterer Vorteil der Clivet-Klimasysteme ist ihre Vielseitigkeit: Sie eignen sich sowohl f\u00fcr einzelne R\u00e4ume als auch f\u00fcr gr\u00f6\u00dfere Wohnbereiche, B\u00fcro- oder Arbeitsumgebungen. Dank durchdachter Systemtechnik lassen sich die Ger\u00e4te problemlos in bestehende Geb\u00e4udetechnik integrieren und bei Bedarf mit weiteren Komponenten wie Luftreinigern oder Energiemanagementsystemen kombinieren.<\/p>\n<p data-start=\"1348\" data-end=\"1650\">Als Partner von Clivet setzen wir auf zuverl\u00e4ssige, langlebige Produkte, die h\u00f6chsten Komfort und effiziente Leistung liefern. Wir unterst\u00fctzen Sie bei der Auswahl, der fachgerechten Planung sowie der Installation und Wartung Ihrer Klimaanlage \u2013 f\u00fcr ein dauerhaft angenehmes Raumklima in Ihrem Zuhause.<\/p>\n<\/div>\n<\/div><\/div><\/div><div class=\"fusion-layout-column fusion_builder_column fusion-builder-column-2 fusion_builder_column_1_3 1_3 fusion-flex-column\" style=\"--awb-bg-size:cover;--awb-width-large:33.3333333333%;--awb-margin-top-large:0px;--awb-spacing-right-large:5.76%;--awb-margin-bottom-large:20px;--awb-spacing-left-large:5.76%;--awb-width-medium:100%;--awb-order-medium:0;--awb-spacing-right-medium:1.92%;--awb-spacing-left-medium:1.92%;--awb-width-small:100%;--awb-order-small:0;--awb-spacing-right-small:1.92%;--awb-spacing-left-small:1.92%;\"><div class=\"fusion-column-wrapper fusion-column-has-shadow fusion-flex-justify-content-flex-start fusion-content-layout-column\"><\/div><\/div><div class=\"fusion-layout-column fusion_builder_column fusion-builder-column-3 fusion_builder_column_1_3 1_3 fusion-flex-column\" style=\"--awb-bg-size:cover;--awb-width-large:33.3333333333%;--awb-margin-top-large:75px;--awb-spacing-right-large:5.76%;--awb-margin-bottom-large:75px;--awb-spacing-left-large:5.76%;--awb-width-medium:100%;--awb-order-medium:0;--awb-spacing-right-medium:1.92%;--awb-spacing-left-medium:1.92%;--awb-width-small:100%;--awb-order-small:0;--awb-spacing-right-small:1.92%;--awb-spacing-left-small:1.92%;\"><div class=\"fusion-column-wrapper fusion-column-has-shadow fusion-flex-justify-content-flex-start fusion-content-layout-column\"><div style=\"text-align:center;\"><a class=\"fusion-button button-flat fusion-button-default-size button-default fusion-button-default button-1 fusion-button-default-span fusion-button-default-type awb-b-icon-pos-right\" target=\"_blank\" rel=\"noopener noreferrer\" data-hover=\"icon_position\" href=\"https:\/\/www.vaillant.de\/produkte\/klimageraete\/\"><span class=\"fusion-button-text awb-button__text awb-button__text--default\">Mehr erfahren<\/span><i class=\"fa-angle-right fas awb-button__icon awb-button__icon--default button-icon-right\" aria-hidden=\"true\"><\/i><i class=\"fa-angle-right fas awb-button__icon awb-button__icon--default button-icon-right\" aria-hidden=\"true\"><\/i><\/a><\/div><\/div><\/div><div class=\"fusion-layout-column fusion_builder_column fusion-builder-column-4 fusion_builder_column_1_3 1_3 fusion-flex-column\" style=\"--awb-bg-size:cover;--awb-width-large:33.3333333333%;--awb-margin-top-large:0px;--awb-spacing-right-large:5.76%;--awb-margin-bottom-large:20px;--awb-spacing-left-large:5.76%;--awb-width-medium:100%;--awb-order-medium:0;--awb-spacing-right-medium:1.92%;--awb-spacing-left-medium:1.92%;--awb-width-small:100%;--awb-order-small:0;--awb-spacing-right-small:1.92%;--awb-spacing-left-small:1.92%;\"><div class=\"fusion-column-wrapper fusion-column-has-shadow fusion-flex-justify-content-flex-start fusion-content-layout-column\"><\/div><\/div><\/div><\/div>\n","protected":false},"excerpt":{"rendered":"","protected":false},"author":1,"featured_media":0,"parent":6890,"menu_order":0,"comment_status":"closed","ping_status":"closed","template":"100-width.php","meta":{"footnotes":""},"class_list":["post-6901","page","type-page","status-publish","hentry"],"_links":{"self":[{"href":"https:\/\/spack-webdesign.de\/rehl-klima\/wp-json\/wp\/v2\/pages\/6901","targetHints":{"allow":["GET"]}}],"collection":[{"href":"https:\/\/spack-webdesign.de\/rehl-klima\/wp-json\/wp\/v2\/pages"}],"about":[{"href":"https:\/\/spack-webdesign.de\/rehl-klima\/wp-json\/wp\/v2\/types\/page"}],"author":[{"embeddable":true,"href":"https:\/\/spack-webdesign.de\/rehl-klima\/wp-json\/wp\/v2\/users\/1"}],"replies":[{"embeddable":true,"href":"https:\/\/spack-webdesign.de\/rehl-klima\/wp-json\/wp\/v2\/comments?post=6901"}],"version-history":[{"count":3,"href":"https:\/\/spack-webdesign.de\/rehl-klima\/wp-json\/wp\/v2\/pages\/6901\/revisions"}],"predecessor-version":[{"id":7111,"href":"https:\/\/spack-webdesign.de\/rehl-klima\/wp-json\/wp\/v2\/pages\/6901\/revisions\/7111"}],"up":[{"embeddable":true,"href":"https:\/\/spack-webdesign.de\/rehl-klima\/wp-json\/wp\/v2\/pages\/6890"}],"wp:attachment":[{"href":"https:\/\/spack-webdesign.de\/rehl-klima\/wp-json\/wp\/v2\/media?parent=6901"}],"curies":[{"name":"wp","href":"https:\/\/api.w.org\/{rel}","templated":true}]}}

<div class="fusion-fullwidth fullwidth-box fusion-builder-row-1 fusion-flex-container has-pattern-background has-mask-background nonhundred-percent-fullwidth non-hundred-percent-height-scrolling" style="--awb-border-radius-top-left:0px;--awb-border-radius-top-right:0px;--awb-border-radius-bottom-right:0px;--awb-border-radius-bottom-left:0px;--awb-flex-wrap:wrap;" ><div class="fusion-builder-row fusion-row fusion-flex-align-items-flex-start fusion-flex-content-wrap" style="max-width:1216.8px;margin-left: calc(-4% / 2 );margin-right: calc(-4% / 2 );"><div class="fusion-layout-column fusion_builder_column fusion-builder-column-0 fusion_builder_column_1_1 1_1 fusion-flex-column" style="--awb-padding-bottom:25px;--awb-overflow:hidden;--awb-bg-blend:overlay;--awb-bg-size:cover;--awb-border-color:#d8d8d8;--awb-border-color-hover:#5a80dd;--awb-border-radius:15px 15px 15px 15px;--awb-width-large:100%;--awb-margin-top-large:0px;--awb-spacing-right-large:1.92%;--awb-margin-bottom-large:0px;--awb-spacing-left-large:1.92%;--awb-width-medium:100%;--awb-spacing-right-medium:1.92%;--awb-spacing-left-medium:1.92%;--awb-width-small:100%;--awb-spacing-right-small:1.92%;--awb-spacing-left-small:1.92%;"><div class="fusion-column-wrapper fusion-flex-justify-content-flex-start fusion-content-layout-column"><div class="fusion-image-element " style="--awb-caption-title-font-family:var(--h2_typography-font-family);--awb-caption-title-font-weight:var(--h2_typography-font-weight);--awb-caption-title-font-style:var(--h2_typography-font-style);--awb-caption-title-size:var(--h2_typography-font-size);--awb-caption-title-transform:var(--h2_typography-text-transform);--awb-caption-title-line-height:var(--h2_typography-line-height);--awb-caption-title-letter-spacing:var(--h2_typography-letter-spacing);"><span class=" fusion-imageframe imageframe-none imageframe-1 hover-type-none"><img decoding="async" width="300" height="169" title="vaillant-logo-aw-2104046" src="https://spack-webdesign.de/rehl-klima/wp-content/uploads/2026/02/vaillant-logo-aw-2104046-300x169.png" alt class="img-responsive wp-image-6825" srcset="https://spack-webdesign.de/rehl-klima/wp-content/uploads/2026/02/vaillant-logo-aw-2104046-200x113.png 200w, https://spack-webdesign.de/rehl-klima/wp-content/uploads/2026/02/vaillant-logo-aw-2104046-400x225.png 400w, https://spack-webdesign.de/rehl-klima/wp-content/uploads/2026/02/vaillant-logo-aw-2104046-600x338.png 600w, https://spack-webdesign.de/rehl-klima/wp-content/uploads/2026/02/vaillant-logo-aw-2104046-800x450.png 800w, https://spack-webdesign.de/rehl-klima/wp-content/uploads/2026/02/vaillant-logo-aw-2104046-1200x675.png 1200w, https://spack-webdesign.de/rehl-klima/wp-content/uploads/2026/02/vaillant-logo-aw-2104046.png 1280w" sizes="(max-width: 1024px) 100vw, (max-width: 640px) 100vw, 1200px" /></span></div></div></div><div class="fusion-layout-column fusion_builder_column fusion-builder-column-1 fusion_builder_column_1_1 1_1 fusion-flex-column" style="--awb-bg-size:cover;--awb-width-large:100%;--awb-margin-top-large:0px;--awb-spacing-right-large:1.92%;--awb-margin-bottom-large:20px;--awb-spacing-left-large:1.92%;--awb-width-medium:100%;--awb-order-medium:0;--awb-spacing-right-medium:1.92%;--awb-spacing-left-medium:1.92%;--awb-width-small:100%;--awb-order-small:0;--awb-spacing-right-small:1.92%;--awb-spacing-left-small:1.92%;"><div class="fusion-column-wrapper fusion-column-has-shadow fusion-flex-justify-content-flex-start fusion-content-layout-column"><div class="fusion-text fusion-text-1" style="--awb-text-color:var(--awb-color7);--awb-text-font-family:&quot;Kumbh Sans&quot;;--awb-text-font-style:normal;--awb-text-font-weight:300;"><div class="flex-shrink-0 flex flex-col relative items-end">
<p data-start="260" data-end="560"><strong data-start="260" data-end="270">Clivet</strong> bietet hochwertige <em data-start="290" data-end="304">Klimaanlagen</em>, die für ein angenehmes Wohn- und Raumklima das ganze Jahr über sorgen. Die Systeme wurden speziell für private Wohnbereiche entwickelt und verbinden moderne Kühl- und Heizfunktionen mit energieeffizienter Technik, intuitiver Bedienung und leisem Betrieb.</p>
<p data-start="562" data-end="959">Die Klimageräte von Clivet nutzen fortschrittliche Inverter-Technologie, um Temperatur, Luftfeuchte und Luftqualität gezielt zu regulieren. So bleiben Räume im Sommer angenehm kühl und im Übergang oder Winteraufheizmodus komfortabel temperiert – ohne starken Energieverbrauch. Durch intelligente Steuerungsoptionen lassen sich die Anlagen einfach steuern und auf individuelle Bedürfnisse anpassen.</p>
<p data-start="961" data-end="1346">Ein weiterer Vorteil der Clivet-Klimasysteme ist ihre Vielseitigkeit: Sie eignen sich sowohl für einzelne Räume als auch für größere Wohnbereiche, Büro- oder Arbeitsumgebungen. Dank durchdachter Systemtechnik lassen sich die Geräte problemlos in bestehende Gebäudetechnik integrieren und bei Bedarf mit weiteren Komponenten wie Luftreinigern oder Energiemanagementsystemen kombinieren.</p>
<p data-start="1348" data-end="1650">Als Partner von Clivet setzen wir auf zuverlässige, langlebige Produkte, die höchsten Komfort und effiziente Leistung liefern. Wir unterstützen Sie bei der Auswahl, der fachgerechten Planung sowie der Installation und Wartung Ihrer Klimaanlage – für ein dauerhaft angenehmes Raumklima in Ihrem Zuhause.</p>
</div>
</div></div></div><div class="fusion-layout-column fusion_builder_column fusion-builder-column-2 fusion_builder_column_1_3 1_3 fusion-flex-column" style="--awb-bg-size:cover;--awb-width-large:33.3333333333%;--awb-margin-top-large:0px;--awb-spacing-right-large:5.76%;--awb-margin-bottom-large:20px;--awb-spacing-left-large:5.76%;--awb-width-medium:100%;--awb-order-medium:0;--awb-spacing-right-medium:1.92%;--awb-spacing-left-medium:1.92%;--awb-width-small:100%;--awb-order-small:0;--awb-spacing-right-small:1.92%;--awb-spacing-left-small:1.92%;"><div class="fusion-column-wrapper fusion-column-has-shadow fusion-flex-justify-content-flex-start fusion-content-layout-column"></div></div><div class="fusion-layout-column fusion_builder_column fusion-builder-column-3 fusion_builder_column_1_3 1_3 fusion-flex-column" style="--awb-bg-size:cover;--awb-width-large:33.3333333333%;--awb-margin-top-large:75px;--awb-spacing-right-large:5.76%;--awb-margin-bottom-large:75px;--awb-spacing-left-large:5.76%;--awb-width-medium:100%;--awb-order-medium:0;--awb-spacing-right-medium:1.92%;--awb-spacing-left-medium:1.92%;--awb-width-small:100%;--awb-order-small:0;--awb-spacing-right-small:1.92%;--awb-spacing-left-small:1.92%;"><div class="fusion-column-wrapper fusion-column-has-shadow fusion-flex-justify-content-flex-start fusion-content-layout-column"><div style="text-align:center;"><a class="fusion-button button-flat fusion-button-default-size button-default fusion-button-default button-1 fusion-button-default-span fusion-button-default-type awb-b-icon-pos-right" target="_blank" rel="noopener noreferrer" data-hover="icon_position" href="https://www.vaillant.de/produkte/klimageraete/"><span class="fusion-button-text awb-button__text awb-button__text--default">Mehr erfahren</span><i class="fa-angle-right fas awb-button__icon awb-button__icon--default button-icon-right" aria-hidden="true"></i><i class="fa-angle-right fas awb-button__icon awb-button__icon--default button-icon-right" aria-hidden="true"></i></a></div></div></div><div class="fusion-layout-column fusion_builder_column fusion-builder-column-4 fusion_builder_column_1_3 1_3 fusion-flex-column" style="--awb-bg-size:cover;--awb-width-large:33.3333333333%;--awb-margin-top-large:0px;--awb-spacing-right-large:5.76%;--awb-margin-bottom-large:20px;--awb-spacing-left-large:5.76%;--awb-width-medium:100%;--awb-order-medium:0;--awb-spacing-right-medium:1.92%;--awb-spacing-left-medium:1.92%;--awb-width-small:100%;--awb-order-small:0;--awb-spacing-right-small:1.92%;--awb-spacing-left-small:1.92%;"><div class="fusion-column-wrapper fusion-column-has-shadow fusion-flex-justify-content-flex-start fusion-content-layout-column"></div></div></div></div>
