{"id":6851,"date":"2026-02-23T16:31:31","date_gmt":"2026-02-23T15:31:31","guid":{"rendered":"https:\/\/spack-webdesign.de\/rehl-klima\/?page_id=6851"},"modified":"2026-02-26T14:45:11","modified_gmt":"2026-02-26T13:45:11","slug":"vaillant_waermepumpen","status":"publish","type":"page","link":"https:\/\/spack-webdesign.de\/rehl-klima\/heizung-klima-service\/waermepumpe\/vaillant_waermepumpen\/","title":{"rendered":"Vaillant"},"content":{"rendered":"<div class=\"fusion-fullwidth fullwidth-box fusion-builder-row-1 fusion-flex-container has-pattern-background has-mask-background nonhundred-percent-fullwidth non-hundred-percent-height-scrolling\" style=\"--awb-border-radius-top-left:0px;--awb-border-radius-top-right:0px;--awb-border-radius-bottom-right:0px;--awb-border-radius-bottom-left:0px;--awb-flex-wrap:wrap;\" ><div class=\"fusion-builder-row fusion-row fusion-flex-align-items-flex-start fusion-flex-content-wrap\" style=\"max-width:1216.8px;margin-left: calc(-4% \/ 2 );margin-right: calc(-4% \/ 2 );\"><div class=\"fusion-layout-column fusion_builder_column fusion-builder-column-0 fusion_builder_column_1_1 1_1 fusion-flex-column\" style=\"--awb-padding-bottom:25px;--awb-overflow:hidden;--awb-bg-blend:overlay;--awb-bg-size:cover;--awb-border-color:#d8d8d8;--awb-border-color-hover:#5a80dd;--awb-border-radius:15px 15px 15px 15px;--awb-width-large:100%;--awb-margin-top-large:0px;--awb-spacing-right-large:1.92%;--awb-margin-bottom-large:0px;--awb-spacing-left-large:1.92%;--awb-width-medium:100%;--awb-spacing-right-medium:1.92%;--awb-spacing-left-medium:1.92%;--awb-width-small:100%;--awb-spacing-right-small:1.92%;--awb-spacing-left-small:1.92%;\"><div class=\"fusion-column-wrapper fusion-flex-justify-content-flex-start fusion-content-layout-column\"><div class=\"fusion-image-element \" style=\"--awb-margin-top:40px;--awb-caption-title-font-family:var(--h2_typography-font-family);--awb-caption-title-font-weight:var(--h2_typography-font-weight);--awb-caption-title-font-style:var(--h2_typography-font-style);--awb-caption-title-size:var(--h2_typography-font-size);--awb-caption-title-transform:var(--h2_typography-text-transform);--awb-caption-title-line-height:var(--h2_typography-line-height);--awb-caption-title-letter-spacing:var(--h2_typography-letter-spacing);\"><span class=\" fusion-imageframe imageframe-none imageframe-1 hover-type-none\"><img decoding=\"async\" width=\"300\" height=\"169\" title=\"vaillant-logo-aw-2104046\" src=\"https:\/\/spack-webdesign.de\/rehl-klima\/wp-content\/uploads\/2026\/02\/vaillant-logo-aw-2104046-300x169.png\" alt class=\"img-responsive wp-image-6825\" srcset=\"https:\/\/spack-webdesign.de\/rehl-klima\/wp-content\/uploads\/2026\/02\/vaillant-logo-aw-2104046-200x113.png 200w, https:\/\/spack-webdesign.de\/rehl-klima\/wp-content\/uploads\/2026\/02\/vaillant-logo-aw-2104046-400x225.png 400w, https:\/\/spack-webdesign.de\/rehl-klima\/wp-content\/uploads\/2026\/02\/vaillant-logo-aw-2104046-600x338.png 600w, https:\/\/spack-webdesign.de\/rehl-klima\/wp-content\/uploads\/2026\/02\/vaillant-logo-aw-2104046-800x450.png 800w, https:\/\/spack-webdesign.de\/rehl-klima\/wp-content\/uploads\/2026\/02\/vaillant-logo-aw-2104046-1200x675.png 1200w, https:\/\/spack-webdesign.de\/rehl-klima\/wp-content\/uploads\/2026\/02\/vaillant-logo-aw-2104046.png 1280w\" sizes=\"(max-width: 1024px) 100vw, (max-width: 640px) 100vw, 1200px\" \/><\/span><\/div><\/div><\/div><div class=\"fusion-layout-column fusion_builder_column fusion-builder-column-1 fusion_builder_column_2_3 2_3 fusion-flex-column\" style=\"--awb-bg-size:cover;--awb-width-large:66.6666666667%;--awb-margin-top-large:0px;--awb-spacing-right-large:2.88%;--awb-margin-bottom-large:20px;--awb-spacing-left-large:2.88%;--awb-width-medium:100%;--awb-order-medium:0;--awb-spacing-right-medium:1.92%;--awb-spacing-left-medium:1.92%;--awb-width-small:100%;--awb-order-small:0;--awb-spacing-right-small:1.92%;--awb-spacing-left-small:1.92%;\"><div class=\"fusion-column-wrapper fusion-column-has-shadow fusion-flex-justify-content-flex-start fusion-content-layout-column\"><div class=\"fusion-text fusion-text-1\" style=\"--awb-text-color:var(--awb-color7);--awb-text-font-family:&quot;Kumbh Sans&quot;;--awb-text-font-style:normal;--awb-text-font-weight:300;\"><div class=\"flex-shrink-0 flex flex-col relative items-end\">\n<p data-start=\"270\" data-end=\"588\"><strong data-start=\"270\" data-end=\"282\">Vaillant<\/strong> geh\u00f6rt zu den f\u00fchrenden Herstellern moderner Heiz- und Klimatechnik und bietet leistungsstarke <strong data-start=\"378\" data-end=\"405\">Luft-Wasser-W\u00e4rmepumpen<\/strong> f\u00fcr private Wohngeb\u00e4ude und mehr. Diese Systeme nutzen die in der Umgebungsluft enthaltene Energie, um effizient Heizw\u00e4rme und Warmwasser zu erzeugen \u2013 ganz ohne fossile Brennstoffe.<\/p>\n<p data-start=\"590\" data-end=\"997\">Luft-Wasser-W\u00e4rmepumpen von Vaillant zeichnen sich durch eine besonders hohe Effizienz und eine kompakte Bauweise aus. Durch innovative Technik und moderne Inverter-Regelung arbeiten die Ger\u00e4te leise und bedarfsgerecht, wodurch sie sich ideal f\u00fcr den Einsatz in Ein- und Mehrfamilienh\u00e4usern eignen. Die Energiequelle Luft steht jederzeit zur Verf\u00fcgung, was die Installation flexibel und unkompliziert macht.<\/p>\n<p data-start=\"999\" data-end=\"1286\">Ein weiterer Vorteil der Vaillant W\u00e4rmepumpensysteme ist ihre Kombinierbarkeit mit anderen Komponenten moderner Haustechnik, etwa Photovoltaikanlagen oder smarten Energiemanagementsystemen. So l\u00e4sst sich der Eigenverbrauch weiter optimieren und der Gesamtenergiebedarf nachhaltig senken.<\/p>\n<p data-start=\"1288\" data-end=\"1553\">Als Partner von Vaillant setzen wir auf bew\u00e4hrte und hochwertige W\u00e4rmepumpentechnologie. Wir begleiten Sie von der Beratung \u00fcber die Planung bis hin zur fachgerechten Installation und Wartung Ihrer Luft-Wasser-W\u00e4rmepumpe \u2013 effizient, zuverl\u00e4ssig und zukunftssicher.<\/p>\n<\/div>\n<\/div><\/div><\/div><div class=\"fusion-layout-column fusion_builder_column fusion-builder-column-2 fusion_builder_column_1_3 1_3 fusion-flex-column\" style=\"--awb-bg-size:cover;--awb-width-large:33.3333333333%;--awb-margin-top-large:0px;--awb-spacing-right-large:5.76%;--awb-margin-bottom-large:20px;--awb-spacing-left-large:5.76%;--awb-width-medium:100%;--awb-order-medium:0;--awb-spacing-right-medium:1.92%;--awb-spacing-left-medium:1.92%;--awb-width-small:100%;--awb-order-small:0;--awb-spacing-right-small:1.92%;--awb-spacing-left-small:1.92%;\"><div class=\"fusion-column-wrapper fusion-column-has-shadow fusion-flex-justify-content-flex-start fusion-content-layout-column\"><div class=\"fusion-image-element \" style=\"--awb-aspect-ratio:1 \/ 1;--awb-caption-title-font-family:var(--h2_typography-font-family);--awb-caption-title-font-weight:var(--h2_typography-font-weight);--awb-caption-title-font-style:var(--h2_typography-font-style);--awb-caption-title-size:var(--h2_typography-font-size);--awb-caption-title-transform:var(--h2_typography-text-transform);--awb-caption-title-line-height:var(--h2_typography-line-height);--awb-caption-title-letter-spacing:var(--h2_typography-letter-spacing);\"><span class=\" fusion-imageframe imageframe-none imageframe-2 hover-type-none has-aspect-ratio\"><img decoding=\"async\" width=\"1600\" height=\"1200\" title=\"waermepumpe-rehl-2\" src=\"https:\/\/spack-webdesign.de\/rehl-klima\/wp-content\/uploads\/2026\/02\/waermepumpe-rehl-2.jpeg\" class=\"img-responsive wp-image-6837 img-with-aspect-ratio\" data-parent-fit=\"cover\" data-parent-container=\".fusion-image-element\" alt srcset=\"https:\/\/spack-webdesign.de\/rehl-klima\/wp-content\/uploads\/2026\/02\/waermepumpe-rehl-2-200x150.jpeg 200w, https:\/\/spack-webdesign.de\/rehl-klima\/wp-content\/uploads\/2026\/02\/waermepumpe-rehl-2-400x300.jpeg 400w, https:\/\/spack-webdesign.de\/rehl-klima\/wp-content\/uploads\/2026\/02\/waermepumpe-rehl-2-600x450.jpeg 600w, https:\/\/spack-webdesign.de\/rehl-klima\/wp-content\/uploads\/2026\/02\/waermepumpe-rehl-2-800x600.jpeg 800w, https:\/\/spack-webdesign.de\/rehl-klima\/wp-content\/uploads\/2026\/02\/waermepumpe-rehl-2-1200x900.jpeg 1200w, https:\/\/spack-webdesign.de\/rehl-klima\/wp-content\/uploads\/2026\/02\/waermepumpe-rehl-2.jpeg 1600w\" sizes=\"(max-width: 1024px) 100vw, (max-width: 640px) 100vw, 400px\" \/><\/span><\/div><div class=\"fusion-image-element \" style=\"--awb-aspect-ratio:1 \/ 1;--awb-margin-top:40px;--awb-caption-title-font-family:var(--h2_typography-font-family);--awb-caption-title-font-weight:var(--h2_typography-font-weight);--awb-caption-title-font-style:var(--h2_typography-font-style);--awb-caption-title-size:var(--h2_typography-font-size);--awb-caption-title-transform:var(--h2_typography-text-transform);--awb-caption-title-line-height:var(--h2_typography-line-height);--awb-caption-title-letter-spacing:var(--h2_typography-letter-spacing);\"><span class=\" fusion-imageframe imageframe-none imageframe-3 hover-type-none has-aspect-ratio\"><img decoding=\"async\" width=\"1920\" height=\"2560\" title=\"waermepumpen_rehl\" src=\"https:\/\/spack-webdesign.de\/rehl-klima\/wp-content\/uploads\/2026\/02\/WhatsApp-Image-2025-08-26-at-14.30.32-scaled.jpeg\" class=\"img-responsive wp-image-6833 img-with-aspect-ratio\" data-parent-fit=\"cover\" data-parent-container=\".fusion-image-element\" alt srcset=\"https:\/\/spack-webdesign.de\/rehl-klima\/wp-content\/uploads\/2026\/02\/WhatsApp-Image-2025-08-26-at-14.30.32-200x267.jpeg 200w, https:\/\/spack-webdesign.de\/rehl-klima\/wp-content\/uploads\/2026\/02\/WhatsApp-Image-2025-08-26-at-14.30.32-400x533.jpeg 400w, https:\/\/spack-webdesign.de\/rehl-klima\/wp-content\/uploads\/2026\/02\/WhatsApp-Image-2025-08-26-at-14.30.32-600x800.jpeg 600w, https:\/\/spack-webdesign.de\/rehl-klima\/wp-content\/uploads\/2026\/02\/WhatsApp-Image-2025-08-26-at-14.30.32-800x1067.jpeg 800w, https:\/\/spack-webdesign.de\/rehl-klima\/wp-content\/uploads\/2026\/02\/WhatsApp-Image-2025-08-26-at-14.30.32-1200x1600.jpeg 1200w, https:\/\/spack-webdesign.de\/rehl-klima\/wp-content\/uploads\/2026\/02\/WhatsApp-Image-2025-08-26-at-14.30.32-scaled.jpeg 1920w\" sizes=\"(max-width: 1024px) 100vw, (max-width: 640px) 100vw, 400px\" \/><\/span><\/div><\/div><\/div><div class=\"fusion-layout-column fusion_builder_column fusion-builder-column-3 fusion_builder_column_1_3 1_3 fusion-flex-column\" style=\"--awb-bg-size:cover;--awb-width-large:33.3333333333%;--awb-margin-top-large:0px;--awb-spacing-right-large:5.76%;--awb-margin-bottom-large:20px;--awb-spacing-left-large:5.76%;--awb-width-medium:100%;--awb-order-medium:0;--awb-spacing-right-medium:1.92%;--awb-spacing-left-medium:1.92%;--awb-width-small:100%;--awb-order-small:0;--awb-spacing-right-small:1.92%;--awb-spacing-left-small:1.92%;\"><div class=\"fusion-column-wrapper fusion-column-has-shadow fusion-flex-justify-content-flex-start fusion-content-layout-column\"><\/div><\/div><div class=\"fusion-layout-column fusion_builder_column fusion-builder-column-4 fusion_builder_column_1_3 1_3 fusion-flex-column\" style=\"--awb-bg-size:cover;--awb-width-large:33.3333333333%;--awb-margin-top-large:75px;--awb-spacing-right-large:5.76%;--awb-margin-bottom-large:75px;--awb-spacing-left-large:5.76%;--awb-width-medium:100%;--awb-order-medium:0;--awb-spacing-right-medium:1.92%;--awb-spacing-left-medium:1.92%;--awb-width-small:100%;--awb-order-small:0;--awb-spacing-right-small:1.92%;--awb-spacing-left-small:1.92%;\"><div class=\"fusion-column-wrapper fusion-column-has-shadow fusion-flex-justify-content-flex-start fusion-content-layout-column\"><div style=\"text-align:center;\"><a class=\"fusion-button button-flat fusion-button-default-size button-default fusion-button-default button-1 fusion-button-default-span fusion-button-default-type awb-b-icon-pos-right\" target=\"_blank\" rel=\"noopener noreferrer\" data-hover=\"icon_position\" href=\"https:\/\/www.vaillant.de\/produkte\/waermepumpen\/luft-wasser-waermepumpen\/\"><span class=\"fusion-button-text awb-button__text awb-button__text--default\">Mehr erfahren<\/span><i class=\"fa-angle-right fas awb-button__icon awb-button__icon--default button-icon-right\" aria-hidden=\"true\"><\/i><i class=\"fa-angle-right fas awb-button__icon awb-button__icon--default button-icon-right\" aria-hidden=\"true\"><\/i><\/a><\/div><\/div><\/div><\/div><\/div>\n","protected":false},"excerpt":{"rendered":"","protected":false},"author":1,"featured_media":0,"parent":6828,"menu_order":0,"comment_status":"closed","ping_status":"closed","template":"100-width.php","meta":{"footnotes":""},"class_list":["post-6851","page","type-page","status-publish","hentry"],"_links":{"self":[{"href":"https:\/\/spack-webdesign.de\/rehl-klima\/wp-json\/wp\/v2\/pages\/6851","targetHints":{"allow":["GET"]}}],"collection":[{"href":"https:\/\/spack-webdesign.de\/rehl-klima\/wp-json\/wp\/v2\/pages"}],"about":[{"href":"https:\/\/spack-webdesign.de\/rehl-klima\/wp-json\/wp\/v2\/types\/page"}],"author":[{"embeddable":true,"href":"https:\/\/spack-webdesign.de\/rehl-klima\/wp-json\/wp\/v2\/users\/1"}],"replies":[{"embeddable":true,"href":"https:\/\/spack-webdesign.de\/rehl-klima\/wp-json\/wp\/v2\/comments?post=6851"}],"version-history":[{"count":3,"href":"https:\/\/spack-webdesign.de\/rehl-klima\/wp-json\/wp\/v2\/pages\/6851\/revisions"}],"predecessor-version":[{"id":7106,"href":"https:\/\/spack-webdesign.de\/rehl-klima\/wp-json\/wp\/v2\/pages\/6851\/revisions\/7106"}],"up":[{"embeddable":true,"href":"https:\/\/spack-webdesign.de\/rehl-klima\/wp-json\/wp\/v2\/pages\/6828"}],"wp:attachment":[{"href":"https:\/\/spack-webdesign.de\/rehl-klima\/wp-json\/wp\/v2\/media?parent=6851"}],"curies":[{"name":"wp","href":"https:\/\/api.w.org\/{rel}","templated":true}]}}

<div class="fusion-fullwidth fullwidth-box fusion-builder-row-1 fusion-flex-container has-pattern-background has-mask-background nonhundred-percent-fullwidth non-hundred-percent-height-scrolling" style="--awb-border-radius-top-left:0px;--awb-border-radius-top-right:0px;--awb-border-radius-bottom-right:0px;--awb-border-radius-bottom-left:0px;--awb-flex-wrap:wrap;" ><div class="fusion-builder-row fusion-row fusion-flex-align-items-flex-start fusion-flex-content-wrap" style="max-width:1216.8px;margin-left: calc(-4% / 2 );margin-right: calc(-4% / 2 );"><div class="fusion-layout-column fusion_builder_column fusion-builder-column-0 fusion_builder_column_1_1 1_1 fusion-flex-column" style="--awb-padding-bottom:25px;--awb-overflow:hidden;--awb-bg-blend:overlay;--awb-bg-size:cover;--awb-border-color:#d8d8d8;--awb-border-color-hover:#5a80dd;--awb-border-radius:15px 15px 15px 15px;--awb-width-large:100%;--awb-margin-top-large:0px;--awb-spacing-right-large:1.92%;--awb-margin-bottom-large:0px;--awb-spacing-left-large:1.92%;--awb-width-medium:100%;--awb-spacing-right-medium:1.92%;--awb-spacing-left-medium:1.92%;--awb-width-small:100%;--awb-spacing-right-small:1.92%;--awb-spacing-left-small:1.92%;"><div class="fusion-column-wrapper fusion-flex-justify-content-flex-start fusion-content-layout-column"><div class="fusion-image-element " style="--awb-margin-top:40px;--awb-caption-title-font-family:var(--h2_typography-font-family);--awb-caption-title-font-weight:var(--h2_typography-font-weight);--awb-caption-title-font-style:var(--h2_typography-font-style);--awb-caption-title-size:var(--h2_typography-font-size);--awb-caption-title-transform:var(--h2_typography-text-transform);--awb-caption-title-line-height:var(--h2_typography-line-height);--awb-caption-title-letter-spacing:var(--h2_typography-letter-spacing);"><span class=" fusion-imageframe imageframe-none imageframe-1 hover-type-none"><img decoding="async" width="300" height="169" title="vaillant-logo-aw-2104046" src="https://spack-webdesign.de/rehl-klima/wp-content/uploads/2026/02/vaillant-logo-aw-2104046-300x169.png" alt class="img-responsive wp-image-6825" srcset="https://spack-webdesign.de/rehl-klima/wp-content/uploads/2026/02/vaillant-logo-aw-2104046-200x113.png 200w, https://spack-webdesign.de/rehl-klima/wp-content/uploads/2026/02/vaillant-logo-aw-2104046-400x225.png 400w, https://spack-webdesign.de/rehl-klima/wp-content/uploads/2026/02/vaillant-logo-aw-2104046-600x338.png 600w, https://spack-webdesign.de/rehl-klima/wp-content/uploads/2026/02/vaillant-logo-aw-2104046-800x450.png 800w, https://spack-webdesign.de/rehl-klima/wp-content/uploads/2026/02/vaillant-logo-aw-2104046-1200x675.png 1200w, https://spack-webdesign.de/rehl-klima/wp-content/uploads/2026/02/vaillant-logo-aw-2104046.png 1280w" sizes="(max-width: 1024px) 100vw, (max-width: 640px) 100vw, 1200px" /></span></div></div></div><div class="fusion-layout-column fusion_builder_column fusion-builder-column-1 fusion_builder_column_2_3 2_3 fusion-flex-column" style="--awb-bg-size:cover;--awb-width-large:66.6666666667%;--awb-margin-top-large:0px;--awb-spacing-right-large:2.88%;--awb-margin-bottom-large:20px;--awb-spacing-left-large:2.88%;--awb-width-medium:100%;--awb-order-medium:0;--awb-spacing-right-medium:1.92%;--awb-spacing-left-medium:1.92%;--awb-width-small:100%;--awb-order-small:0;--awb-spacing-right-small:1.92%;--awb-spacing-left-small:1.92%;"><div class="fusion-column-wrapper fusion-column-has-shadow fusion-flex-justify-content-flex-start fusion-content-layout-column"><div class="fusion-text fusion-text-1" style="--awb-text-color:var(--awb-color7);--awb-text-font-family:&quot;Kumbh Sans&quot;;--awb-text-font-style:normal;--awb-text-font-weight:300;"><div class="flex-shrink-0 flex flex-col relative items-end">
<p data-start="270" data-end="588"><strong data-start="270" data-end="282">Vaillant</strong> gehört zu den führenden Herstellern moderner Heiz- und Klimatechnik und bietet leistungsstarke <strong data-start="378" data-end="405">Luft-Wasser-Wärmepumpen</strong> für private Wohngebäude und mehr. Diese Systeme nutzen die in der Umgebungsluft enthaltene Energie, um effizient Heizwärme und Warmwasser zu erzeugen – ganz ohne fossile Brennstoffe.</p>
<p data-start="590" data-end="997">Luft-Wasser-Wärmepumpen von Vaillant zeichnen sich durch eine besonders hohe Effizienz und eine kompakte Bauweise aus. Durch innovative Technik und moderne Inverter-Regelung arbeiten die Geräte leise und bedarfsgerecht, wodurch sie sich ideal für den Einsatz in Ein- und Mehrfamilienhäusern eignen. Die Energiequelle Luft steht jederzeit zur Verfügung, was die Installation flexibel und unkompliziert macht.</p>
<p data-start="999" data-end="1286">Ein weiterer Vorteil der Vaillant Wärmepumpensysteme ist ihre Kombinierbarkeit mit anderen Komponenten moderner Haustechnik, etwa Photovoltaikanlagen oder smarten Energiemanagementsystemen. So lässt sich der Eigenverbrauch weiter optimieren und der Gesamtenergiebedarf nachhaltig senken.</p>
<p data-start="1288" data-end="1553">Als Partner von Vaillant setzen wir auf bewährte und hochwertige Wärmepumpentechnologie. Wir begleiten Sie von der Beratung über die Planung bis hin zur fachgerechten Installation und Wartung Ihrer Luft-Wasser-Wärmepumpe – effizient, zuverlässig und zukunftssicher.</p>
</div>
</div></div></div><div class="fusion-layout-column fusion_builder_column fusion-builder-column-2 fusion_builder_column_1_3 1_3 fusion-flex-column" style="--awb-bg-size:cover;--awb-width-large:33.3333333333%;--awb-margin-top-large:0px;--awb-spacing-right-large:5.76%;--awb-margin-bottom-large:20px;--awb-spacing-left-large:5.76%;--awb-width-medium:100%;--awb-order-medium:0;--awb-spacing-right-medium:1.92%;--awb-spacing-left-medium:1.92%;--awb-width-small:100%;--awb-order-small:0;--awb-spacing-right-small:1.92%;--awb-spacing-left-small:1.92%;"><div class="fusion-column-wrapper fusion-column-has-shadow fusion-flex-justify-content-flex-start fusion-content-layout-column"><div class="fusion-image-element " style="--awb-aspect-ratio:1 / 1;--awb-caption-title-font-family:var(--h2_typography-font-family);--awb-caption-title-font-weight:var(--h2_typography-font-weight);--awb-caption-title-font-style:var(--h2_typography-font-style);--awb-caption-title-size:var(--h2_typography-font-size);--awb-caption-title-transform:var(--h2_typography-text-transform);--awb-caption-title-line-height:var(--h2_typography-line-height);--awb-caption-title-letter-spacing:var(--h2_typography-letter-spacing);"><span class=" fusion-imageframe imageframe-none imageframe-2 hover-type-none has-aspect-ratio"><img decoding="async" width="1600" height="1200" title="waermepumpe-rehl-2" src="https://spack-webdesign.de/rehl-klima/wp-content/uploads/2026/02/waermepumpe-rehl-2.jpeg" class="img-responsive wp-image-6837 img-with-aspect-ratio" data-parent-fit="cover" data-parent-container=".fusion-image-element" alt srcset="https://spack-webdesign.de/rehl-klima/wp-content/uploads/2026/02/waermepumpe-rehl-2-200x150.jpeg 200w, https://spack-webdesign.de/rehl-klima/wp-content/uploads/2026/02/waermepumpe-rehl-2-400x300.jpeg 400w, https://spack-webdesign.de/rehl-klima/wp-content/uploads/2026/02/waermepumpe-rehl-2-600x450.jpeg 600w, https://spack-webdesign.de/rehl-klima/wp-content/uploads/2026/02/waermepumpe-rehl-2-800x600.jpeg 800w, https://spack-webdesign.de/rehl-klima/wp-content/uploads/2026/02/waermepumpe-rehl-2-1200x900.jpeg 1200w, https://spack-webdesign.de/rehl-klima/wp-content/uploads/2026/02/waermepumpe-rehl-2.jpeg 1600w" sizes="(max-width: 1024px) 100vw, (max-width: 640px) 100vw, 400px" /></span></div><div class="fusion-image-element " style="--awb-aspect-ratio:1 / 1;--awb-margin-top:40px;--awb-caption-title-font-family:var(--h2_typography-font-family);--awb-caption-title-font-weight:var(--h2_typography-font-weight);--awb-caption-title-font-style:var(--h2_typography-font-style);--awb-caption-title-size:var(--h2_typography-font-size);--awb-caption-title-transform:var(--h2_typography-text-transform);--awb-caption-title-line-height:var(--h2_typography-line-height);--awb-caption-title-letter-spacing:var(--h2_typography-letter-spacing);"><span class=" fusion-imageframe imageframe-none imageframe-3 hover-type-none has-aspect-ratio"><img decoding="async" width="1920" height="2560" title="waermepumpen_rehl" src="https://spack-webdesign.de/rehl-klima/wp-content/uploads/2026/02/WhatsApp-Image-2025-08-26-at-14.30.32-scaled.jpeg" class="img-responsive wp-image-6833 img-with-aspect-ratio" data-parent-fit="cover" data-parent-container=".fusion-image-element" alt srcset="https://spack-webdesign.de/rehl-klima/wp-content/uploads/2026/02/WhatsApp-Image-2025-08-26-at-14.30.32-200x267.jpeg 200w, https://spack-webdesign.de/rehl-klima/wp-content/uploads/2026/02/WhatsApp-Image-2025-08-26-at-14.30.32-400x533.jpeg 400w, https://spack-webdesign.de/rehl-klima/wp-content/uploads/2026/02/WhatsApp-Image-2025-08-26-at-14.30.32-600x800.jpeg 600w, https://spack-webdesign.de/rehl-klima/wp-content/uploads/2026/02/WhatsApp-Image-2025-08-26-at-14.30.32-800x1067.jpeg 800w, https://spack-webdesign.de/rehl-klima/wp-content/uploads/2026/02/WhatsApp-Image-2025-08-26-at-14.30.32-1200x1600.jpeg 1200w, https://spack-webdesign.de/rehl-klima/wp-content/uploads/2026/02/WhatsApp-Image-2025-08-26-at-14.30.32-scaled.jpeg 1920w" sizes="(max-width: 1024px) 100vw, (max-width: 640px) 100vw, 400px" /></span></div></div></div><div class="fusion-layout-column fusion_builder_column fusion-builder-column-3 fusion_builder_column_1_3 1_3 fusion-flex-column" style="--awb-bg-size:cover;--awb-width-large:33.3333333333%;--awb-margin-top-large:0px;--awb-spacing-right-large:5.76%;--awb-margin-bottom-large:20px;--awb-spacing-left-large:5.76%;--awb-width-medium:100%;--awb-order-medium:0;--awb-spacing-right-medium:1.92%;--awb-spacing-left-medium:1.92%;--awb-width-small:100%;--awb-order-small:0;--awb-spacing-right-small:1.92%;--awb-spacing-left-small:1.92%;"><div class="fusion-column-wrapper fusion-column-has-shadow fusion-flex-justify-content-flex-start fusion-content-layout-column"></div></div><div class="fusion-layout-column fusion_builder_column fusion-builder-column-4 fusion_builder_column_1_3 1_3 fusion-flex-column" style="--awb-bg-size:cover;--awb-width-large:33.3333333333%;--awb-margin-top-large:75px;--awb-spacing-right-large:5.76%;--awb-margin-bottom-large:75px;--awb-spacing-left-large:5.76%;--awb-width-medium:100%;--awb-order-medium:0;--awb-spacing-right-medium:1.92%;--awb-spacing-left-medium:1.92%;--awb-width-small:100%;--awb-order-small:0;--awb-spacing-right-small:1.92%;--awb-spacing-left-small:1.92%;"><div class="fusion-column-wrapper fusion-column-has-shadow fusion-flex-justify-content-flex-start fusion-content-layout-column"><div style="text-align:center;"><a class="fusion-button button-flat fusion-button-default-size button-default fusion-button-default button-1 fusion-button-default-span fusion-button-default-type awb-b-icon-pos-right" target="_blank" rel="noopener noreferrer" data-hover="icon_position" href="https://www.vaillant.de/produkte/waermepumpen/luft-wasser-waermepumpen/"><span class="fusion-button-text awb-button__text awb-button__text--default">Mehr erfahren</span><i class="fa-angle-right fas awb-button__icon awb-button__icon--default button-icon-right" aria-hidden="true"></i><i class="fa-angle-right fas awb-button__icon awb-button__icon--default button-icon-right" aria-hidden="true"></i></a></div></div></div></div></div>
