{"id":6491,"date":"2025-09-22T14:13:38","date_gmt":"2025-09-22T12:13:38","guid":{"rendered":"https:\/\/spack-webdesign.de\/rehl-klima\/?page_id=6491"},"modified":"2025-09-22T18:40:42","modified_gmt":"2025-09-22T16:40:42","slug":"service","status":"publish","type":"page","link":"https:\/\/spack-webdesign.de\/rehl-klima\/elektro-service\/service\/","title":{"rendered":"Service"},"content":{"rendered":"<div class=\"fusion-fullwidth fullwidth-box fusion-builder-row-1 fusion-flex-container has-pattern-background has-mask-background nonhundred-percent-fullwidth non-hundred-percent-height-scrolling\" style=\"--awb-border-radius-top-left:0px;--awb-border-radius-top-right:0px;--awb-border-radius-bottom-right:0px;--awb-border-radius-bottom-left:0px;--awb-flex-wrap:wrap;\" ><div class=\"fusion-builder-row fusion-row fusion-flex-align-items-flex-start fusion-flex-content-wrap\" style=\"max-width:1216.8px;margin-left: calc(-4% \/ 2 );margin-right: calc(-4% \/ 2 );\"><div class=\"fusion-layout-column fusion_builder_column fusion-builder-column-0 fusion_builder_column_1_1 1_1 fusion-flex-column\" style=\"--awb-padding-bottom:25px;--awb-overflow:hidden;--awb-bg-blend:overlay;--awb-bg-size:cover;--awb-border-color:#d8d8d8;--awb-border-color-hover:#5a80dd;--awb-border-radius:15px 15px 15px 15px;--awb-width-large:100%;--awb-margin-top-large:0px;--awb-spacing-right-large:1.92%;--awb-margin-bottom-large:0px;--awb-spacing-left-large:1.92%;--awb-width-medium:100%;--awb-spacing-right-medium:1.92%;--awb-spacing-left-medium:1.92%;--awb-width-small:100%;--awb-spacing-right-small:1.92%;--awb-spacing-left-small:1.92%;\"><div class=\"fusion-column-wrapper fusion-flex-justify-content-flex-start fusion-content-layout-column\"><div class=\"fusion-title title fusion-title-1 fusion-title-text fusion-title-size-three\" style=\"--awb-text-color:var(--awb-color4);--awb-margin-top-small:0px;--awb-margin-bottom-small:20px;\"><div class=\"title-sep-container title-sep-container-left fusion-no-large-visibility fusion-no-medium-visibility fusion-no-small-visibility\"><div class=\"title-sep sep- sep-solid\" style=\"border-color:var(--awb-color3);\"><\/div><\/div><span class=\"awb-title-spacer fusion-no-large-visibility fusion-no-medium-visibility fusion-no-small-visibility\"><\/span><h3 class=\"fusion-title-heading title-heading-left fusion-responsive-typography-calculated\" style=\"margin:0;text-transform:capitalize;--fontSize:25;line-height:var(--awb-typography1-line-height);\">Service &amp; Pr\u00fcfung<\/h3><span class=\"awb-title-spacer\"><\/span><div class=\"title-sep-container title-sep-container-right\"><div class=\"title-sep sep- sep-solid\" style=\"border-color:var(--awb-color3);\"><\/div><\/div><\/div><div class=\"fusion-text fusion-text-1\" style=\"--awb-text-font-family:&quot;Kumbh Sans&quot;;--awb-text-font-style:normal;--awb-text-font-weight:300;\"><div class=\"wpb_text_column wpb_content_element \">\n<div class=\"wpb_wrapper\">\n<p>Ohne Elektrizit\u00e4t w\u00e4re heute vieles nicht denkbar. Die Leitungen \u00fcbernehmen dabei die zentrale Rolle f\u00fcr die Verteilung des Stromes. Sind die Kabel schadhaft, kann es hier schnell zu einem Brand oder zu Personensch\u00e4den kommen.<\/p>\n<p>Der Betreiber einer elektrischen Anlage ist verpflichtet diese in einem nach der Errichtungsnorm ordnungsgem\u00e4\u00dfen Zustand zu halten und f\u00fcr ein H\u00f6chstma\u00df an Betriebssicherheit zu sorgen. Auch die Versicherungen verlangen regelm\u00e4\u00dfig eine Pr\u00fcfung und entsprechende Nachweise.<\/p>\n<p>Jeder Arbeitgeber ist gesetzlich verpflichtet, die Arbeitsmittel und elektrische Ger\u00e4te in seinem Unternehmen gem\u00e4\u00df den Vorschriften der Betriebsgenossenschaften sowie entsprechend DIN VDE Vorschriften pr\u00fcfen zu lassen, um die Sicherheit der Mitarbeiter und somit einen sicheren reibungslosen Betriebsablauf zu gew\u00e4hrleisten.<\/p>\n<p>Gerne sind wir f\u00fcr Sie da, beraten Sie umfangreich und f\u00fchren die notwendigen \u00dcberpr\u00fcfungen direkt bei Ihnen im Betrieb durch. Unsere ausgebildeten Elektrofachkr\u00e4fte f\u00fchren in Ihrem Auftrag sicherheitstechnische, elektrische \u00dcberpr\u00fcfungen gem\u00e4\u00df DGUV V3 (ehemals BGV A3), DIN VDE 0701-0702, DIN VDE 0105-100, DIN VDE 0100-600 aus und erstellen f\u00fcr Sie eine fachgerechte Pr\u00fcfdokumentation.<\/p>\n<\/div>\n<\/div>\n<\/div><div style=\"text-align:center;\"><a class=\"fusion-button button-flat fusion-button-default-size button-default fusion-button-default button-1 fusion-button-default-span fusion-button-default-type awb-b-icon-pos-right\" style=\"--button_text_transform:none;--button_margin-top:25px;--button_margin-bottom:25px;\" target=\"_self\" data-hover=\"icon_position\" href=\"https:\/\/spack-webdesign.de\/rehl-klima\/kontakt\/\"><span class=\"fusion-button-text awb-button__text awb-button__text--default\">Kontaktieren Sie uns<\/span><i class=\"fa-angle-double-right fas awb-button__icon awb-button__icon--default button-icon-right\" aria-hidden=\"true\"><\/i><i class=\"fa-angle-double-right fas awb-button__icon awb-button__icon--default button-icon-right\" aria-hidden=\"true\"><\/i><\/a><\/div><\/div><\/div><\/div><\/div>\n","protected":false},"excerpt":{"rendered":"","protected":false},"author":1,"featured_media":0,"parent":5999,"menu_order":0,"comment_status":"closed","ping_status":"closed","template":"100-width.php","meta":{"footnotes":""},"class_list":["post-6491","page","type-page","status-publish","hentry"],"_links":{"self":[{"href":"https:\/\/spack-webdesign.de\/rehl-klima\/wp-json\/wp\/v2\/pages\/6491","targetHints":{"allow":["GET"]}}],"collection":[{"href":"https:\/\/spack-webdesign.de\/rehl-klima\/wp-json\/wp\/v2\/pages"}],"about":[{"href":"https:\/\/spack-webdesign.de\/rehl-klima\/wp-json\/wp\/v2\/types\/page"}],"author":[{"embeddable":true,"href":"https:\/\/spack-webdesign.de\/rehl-klima\/wp-json\/wp\/v2\/users\/1"}],"replies":[{"embeddable":true,"href":"https:\/\/spack-webdesign.de\/rehl-klima\/wp-json\/wp\/v2\/comments?post=6491"}],"version-history":[{"count":2,"href":"https:\/\/spack-webdesign.de\/rehl-klima\/wp-json\/wp\/v2\/pages\/6491\/revisions"}],"predecessor-version":[{"id":6693,"href":"https:\/\/spack-webdesign.de\/rehl-klima\/wp-json\/wp\/v2\/pages\/6491\/revisions\/6693"}],"up":[{"embeddable":true,"href":"https:\/\/spack-webdesign.de\/rehl-klima\/wp-json\/wp\/v2\/pages\/5999"}],"wp:attachment":[{"href":"https:\/\/spack-webdesign.de\/rehl-klima\/wp-json\/wp\/v2\/media?parent=6491"}],"curies":[{"name":"wp","href":"https:\/\/api.w.org\/{rel}","templated":true}]}}

<div class="fusion-fullwidth fullwidth-box fusion-builder-row-1 fusion-flex-container has-pattern-background has-mask-background nonhundred-percent-fullwidth non-hundred-percent-height-scrolling" style="--awb-border-radius-top-left:0px;--awb-border-radius-top-right:0px;--awb-border-radius-bottom-right:0px;--awb-border-radius-bottom-left:0px;--awb-flex-wrap:wrap;" ><div class="fusion-builder-row fusion-row fusion-flex-align-items-flex-start fusion-flex-content-wrap" style="max-width:1216.8px;margin-left: calc(-4% / 2 );margin-right: calc(-4% / 2 );"><div class="fusion-layout-column fusion_builder_column fusion-builder-column-0 fusion_builder_column_1_1 1_1 fusion-flex-column" style="--awb-padding-bottom:25px;--awb-overflow:hidden;--awb-bg-blend:overlay;--awb-bg-size:cover;--awb-border-color:#d8d8d8;--awb-border-color-hover:#5a80dd;--awb-border-radius:15px 15px 15px 15px;--awb-width-large:100%;--awb-margin-top-large:0px;--awb-spacing-right-large:1.92%;--awb-margin-bottom-large:0px;--awb-spacing-left-large:1.92%;--awb-width-medium:100%;--awb-spacing-right-medium:1.92%;--awb-spacing-left-medium:1.92%;--awb-width-small:100%;--awb-spacing-right-small:1.92%;--awb-spacing-left-small:1.92%;"><div class="fusion-column-wrapper fusion-flex-justify-content-flex-start fusion-content-layout-column"><div class="fusion-title title fusion-title-1 fusion-title-text fusion-title-size-three" style="--awb-text-color:var(--awb-color4);--awb-margin-top-small:0px;--awb-margin-bottom-small:20px;"><div class="title-sep-container title-sep-container-left fusion-no-large-visibility fusion-no-medium-visibility fusion-no-small-visibility"><div class="title-sep sep- sep-solid" style="border-color:var(--awb-color3);"></div></div><span class="awb-title-spacer fusion-no-large-visibility fusion-no-medium-visibility fusion-no-small-visibility"></span><h3 class="fusion-title-heading title-heading-left fusion-responsive-typography-calculated" style="margin:0;text-transform:capitalize;--fontSize:25;line-height:var(--awb-typography1-line-height);">Service &amp; Prüfung</h3><span class="awb-title-spacer"></span><div class="title-sep-container title-sep-container-right"><div class="title-sep sep- sep-solid" style="border-color:var(--awb-color3);"></div></div></div><div class="fusion-text fusion-text-1" style="--awb-text-font-family:&quot;Kumbh Sans&quot;;--awb-text-font-style:normal;--awb-text-font-weight:300;"><div class="wpb_text_column wpb_content_element ">
<div class="wpb_wrapper">
<p>Ohne Elektrizität wäre heute vieles nicht denkbar. Die Leitungen übernehmen dabei die zentrale Rolle für die Verteilung des Stromes. Sind die Kabel schadhaft, kann es hier schnell zu einem Brand oder zu Personenschäden kommen.</p>
<p>Der Betreiber einer elektrischen Anlage ist verpflichtet diese in einem nach der Errichtungsnorm ordnungsgemäßen Zustand zu halten und für ein Höchstmaß an Betriebssicherheit zu sorgen. Auch die Versicherungen verlangen regelmäßig eine Prüfung und entsprechende Nachweise.</p>
<p>Jeder Arbeitgeber ist gesetzlich verpflichtet, die Arbeitsmittel und elektrische Geräte in seinem Unternehmen gemäß den Vorschriften der Betriebsgenossenschaften sowie entsprechend DIN VDE Vorschriften prüfen zu lassen, um die Sicherheit der Mitarbeiter und somit einen sicheren reibungslosen Betriebsablauf zu gewährleisten.</p>
<p>Gerne sind wir für Sie da, beraten Sie umfangreich und führen die notwendigen Überprüfungen direkt bei Ihnen im Betrieb durch. Unsere ausgebildeten Elektrofachkräfte führen in Ihrem Auftrag sicherheitstechnische, elektrische Überprüfungen gemäß DGUV V3 (ehemals BGV A3), DIN VDE 0701-0702, DIN VDE 0105-100, DIN VDE 0100-600 aus und erstellen für Sie eine fachgerechte Prüfdokumentation.</p>
</div>
</div>
</div><div style="text-align:center;"><a class="fusion-button button-flat fusion-button-default-size button-default fusion-button-default button-1 fusion-button-default-span fusion-button-default-type awb-b-icon-pos-right" style="--button_text_transform:none;--button_margin-top:25px;--button_margin-bottom:25px;" target="_self" data-hover="icon_position" href="https://spack-webdesign.de/rehl-klima/kontakt/"><span class="fusion-button-text awb-button__text awb-button__text--default">Kontaktieren Sie uns</span><i class="fa-angle-double-right fas awb-button__icon awb-button__icon--default button-icon-right" aria-hidden="true"></i><i class="fa-angle-double-right fas awb-button__icon awb-button__icon--default button-icon-right" aria-hidden="true"></i></a></div></div></div></div></div>
