{"id":6489,"date":"2025-09-22T14:13:03","date_gmt":"2025-09-22T12:13:03","guid":{"rendered":"https:\/\/spack-webdesign.de\/rehl-klima\/?page_id=6489"},"modified":"2026-02-23T15:12:19","modified_gmt":"2026-02-23T14:12:19","slug":"lichtplanung","status":"publish","type":"page","link":"https:\/\/spack-webdesign.de\/rehl-klima\/elektro-service\/lichtplanung\/","title":{"rendered":"Lichtplanung"},"content":{"rendered":"<div class=\"fusion-fullwidth fullwidth-box fusion-builder-row-1 fusion-flex-container has-pattern-background has-mask-background nonhundred-percent-fullwidth non-hundred-percent-height-scrolling\" style=\"--awb-border-radius-top-left:0px;--awb-border-radius-top-right:0px;--awb-border-radius-bottom-right:0px;--awb-border-radius-bottom-left:0px;--awb-margin-bottom:60px;--awb-flex-wrap:wrap;\" ><div class=\"fusion-builder-row fusion-row fusion-flex-align-items-flex-start fusion-flex-content-wrap\" style=\"max-width:1216.8px;margin-left: calc(-4% \/ 2 );margin-right: calc(-4% \/ 2 );\"><div class=\"fusion-layout-column fusion_builder_column fusion-builder-column-0 fusion_builder_column_1_1 1_1 fusion-flex-column\" style=\"--awb-padding-bottom:25px;--awb-overflow:hidden;--awb-bg-blend:overlay;--awb-bg-size:cover;--awb-border-color:#d8d8d8;--awb-border-color-hover:#5a80dd;--awb-border-radius:15px 15px 15px 15px;--awb-width-large:100%;--awb-margin-top-large:0px;--awb-spacing-right-large:1.92%;--awb-margin-bottom-large:0px;--awb-spacing-left-large:1.92%;--awb-width-medium:100%;--awb-spacing-right-medium:1.92%;--awb-spacing-left-medium:1.92%;--awb-width-small:100%;--awb-spacing-right-small:1.92%;--awb-spacing-left-small:1.92%;\"><div class=\"fusion-column-wrapper fusion-flex-justify-content-flex-start fusion-content-layout-column\"><div class=\"fusion-text fusion-text-1\" style=\"--awb-text-font-family:&quot;Kumbh Sans&quot;;--awb-text-font-style:normal;--awb-text-font-weight:300;\"><div class=\"wpb_text_column wpb_content_element \">\n<p>Die Planung beginnt immer mit der Frage: Wie viel Licht wird ben\u00f6tigt und was ist vorgeschrieben? F\u00fcr gewerblich genutzte Fl\u00e4chen ist die Mindestlichtst\u00e4rke vorgeschrieben, was nicht allgemein bekannt ist. Vor allem die Berufsgenossenschaft legt hierauf einen gro\u00dfen Wert.<\/p>\n<p>Wir bieten Ihnen eine normative Lichtplanung Ihrer bestehenden oder neuen Beleuchtungsanlagen, nach allen vorgeschriebenen DIN-Normen und liefern die Beleuchtungssysteme namhafter Hersteller mit allen Zertifizierungen. Richtige Lichtplaner wissen genau, welche Leuchtmittel ben\u00f6tigt werden, um allen vorgeschriebenen Richtlinien gerecht zu werden sowie das Maximum an Energiekosten durch LED-Beleuchtung zu sparen.<\/p>\n<p>Mit unserem Know-How planen und realisieren wir auch f\u00fcr spezielle Beleuchtungsaufgaben individuelle Lichtl\u00f6sungen. Dazu haben Sie bei uns noch einen weiteren Vorteil: wir liefern alles aus einer Hand \u2013 die Lichtplanung sowie die Beleuchtungs-mittel Rehl Energy GmbH ist ein autorisierter H\u00e4ndler rund um die LED Technik.<\/p>\n<\/div>\n<\/div><\/div><\/div><div class=\"fusion-layout-column fusion_builder_column fusion-builder-column-1 fusion_builder_column_1_2 1_2 fusion-flex-column fusion-flex-align-self-center\" style=\"--awb-bg-size:cover;--awb-width-large:50%;--awb-margin-top-large:0px;--awb-spacing-right-large:3.84%;--awb-margin-bottom-large:20px;--awb-spacing-left-large:3.84%;--awb-width-medium:100%;--awb-order-medium:0;--awb-spacing-right-medium:1.92%;--awb-spacing-left-medium:1.92%;--awb-width-small:100%;--awb-order-small:0;--awb-spacing-right-small:1.92%;--awb-spacing-left-small:1.92%;\"><div class=\"fusion-column-wrapper fusion-column-has-shadow fusion-flex-justify-content-flex-start fusion-content-layout-column\"><div class=\"fusion-image-element awb-imageframe-style awb-imageframe-style-below awb-imageframe-style-1\" style=\"text-align:center;--awb-caption-title-color:var(--awb-color5);--awb-caption-margin-top:25px;--awb-caption-margin-bottom:25px;--awb-caption-title-font-family:var(--h3_typography-font-family);--awb-caption-title-font-weight:var(--h3_typography-font-weight);--awb-caption-title-font-style:var(--h3_typography-font-style);--awb-caption-title-size:var(--h3_typography-font-size);--awb-caption-title-transform:none;--awb-caption-title-line-height:var(--h3_typography-line-height);--awb-caption-title-letter-spacing:var(--h3_typography-letter-spacing);\"><span class=\" fusion-imageframe imageframe-none imageframe-1 hover-type-zoomin\"><img decoding=\"async\" width=\"500\" height=\"375\" title=\"innenbeleuchtung\" src=\"https:\/\/spack-webdesign.de\/rehl-klima\/wp-content\/uploads\/2025\/09\/innenbeleuchtung.jpg\" alt class=\"img-responsive wp-image-6687\" srcset=\"https:\/\/spack-webdesign.de\/rehl-klima\/wp-content\/uploads\/2025\/09\/innenbeleuchtung-200x150.jpg 200w, https:\/\/spack-webdesign.de\/rehl-klima\/wp-content\/uploads\/2025\/09\/innenbeleuchtung-400x300.jpg 400w, https:\/\/spack-webdesign.de\/rehl-klima\/wp-content\/uploads\/2025\/09\/innenbeleuchtung.jpg 500w\" sizes=\"(max-width: 1024px) 100vw, (max-width: 640px) 100vw, 500px\" \/><\/span><div class=\"awb-imageframe-caption-container\" style=\"text-align:center;\"><div class=\"awb-imageframe-caption\"><h3 class=\"awb-imageframe-caption-title\">Planung - Innenbereich<\/h3><\/div><\/div><\/div><div style=\"text-align:center;\"><a class=\"fusion-button button-flat fusion-button-default-size button-default fusion-button-default button-1 fusion-button-default-span fusion-button-default-type\" target=\"_self\" href=\"https:\/\/spack-webdesign.de\/rehl-klima\/kontakt\/\"><span class=\"fusion-button-text awb-button__text awb-button__text--default\">Jetzt anfragen<\/span><\/a><\/div><\/div><\/div><div class=\"fusion-layout-column fusion_builder_column fusion-builder-column-2 fusion_builder_column_1_2 1_2 fusion-flex-column\" style=\"--awb-bg-size:cover;--awb-width-large:50%;--awb-margin-top-large:0px;--awb-spacing-right-large:3.84%;--awb-margin-bottom-large:20px;--awb-spacing-left-large:3.84%;--awb-width-medium:100%;--awb-order-medium:0;--awb-spacing-right-medium:1.92%;--awb-spacing-left-medium:1.92%;--awb-width-small:100%;--awb-order-small:0;--awb-spacing-right-small:1.92%;--awb-spacing-left-small:1.92%;\"><div class=\"fusion-column-wrapper fusion-column-has-shadow fusion-flex-justify-content-flex-start fusion-content-layout-column\"><div class=\"fusion-image-element awb-imageframe-style awb-imageframe-style-below awb-imageframe-style-2\" style=\"text-align:center;--awb-caption-title-color:var(--awb-color5);--awb-caption-text-transform:none;--awb-caption-margin-top:25px;--awb-caption-margin-bottom:25px;--awb-caption-title-font-family:var(--h3_typography-font-family);--awb-caption-title-font-weight:var(--h3_typography-font-weight);--awb-caption-title-font-style:var(--h3_typography-font-style);--awb-caption-title-size:var(--h3_typography-font-size);--awb-caption-title-transform:none;--awb-caption-title-line-height:var(--h3_typography-line-height);--awb-caption-title-letter-spacing:var(--h3_typography-letter-spacing);\"><span class=\" fusion-imageframe imageframe-none imageframe-2 hover-type-zoomin\"><img decoding=\"async\" width=\"500\" height=\"375\" title=\"aussenbeleuchtung\" src=\"https:\/\/spack-webdesign.de\/rehl-klima\/wp-content\/uploads\/2025\/09\/aussenbeleuchtung.jpg\" alt class=\"img-responsive wp-image-6686\" srcset=\"https:\/\/spack-webdesign.de\/rehl-klima\/wp-content\/uploads\/2025\/09\/aussenbeleuchtung-200x150.jpg 200w, https:\/\/spack-webdesign.de\/rehl-klima\/wp-content\/uploads\/2025\/09\/aussenbeleuchtung-400x300.jpg 400w, https:\/\/spack-webdesign.de\/rehl-klima\/wp-content\/uploads\/2025\/09\/aussenbeleuchtung.jpg 500w\" sizes=\"(max-width: 1024px) 100vw, (max-width: 640px) 100vw, 500px\" \/><\/span><div class=\"awb-imageframe-caption-container\" style=\"text-align:center;\"><div class=\"awb-imageframe-caption\"><h3 class=\"awb-imageframe-caption-title\">Planung - Au\u00dfenbereich<\/h3><\/div><\/div><\/div><div style=\"text-align:center;\"><a class=\"fusion-button button-flat fusion-button-default-size button-default fusion-button-default button-2 fusion-button-default-span fusion-button-default-type\" target=\"_self\" href=\"https:\/\/spack-webdesign.de\/rehl-klima\/kontakt\/\"><span class=\"fusion-button-text awb-button__text awb-button__text--default\">Jetzt anfragen<\/span><\/a><\/div><\/div><\/div><\/div><\/div>\n","protected":false},"excerpt":{"rendered":"","protected":false},"author":1,"featured_media":0,"parent":5999,"menu_order":0,"comment_status":"closed","ping_status":"closed","template":"100-width.php","meta":{"footnotes":""},"class_list":["post-6489","page","type-page","status-publish","hentry"],"_links":{"self":[{"href":"https:\/\/spack-webdesign.de\/rehl-klima\/wp-json\/wp\/v2\/pages\/6489","targetHints":{"allow":["GET"]}}],"collection":[{"href":"https:\/\/spack-webdesign.de\/rehl-klima\/wp-json\/wp\/v2\/pages"}],"about":[{"href":"https:\/\/spack-webdesign.de\/rehl-klima\/wp-json\/wp\/v2\/types\/page"}],"author":[{"embeddable":true,"href":"https:\/\/spack-webdesign.de\/rehl-klima\/wp-json\/wp\/v2\/users\/1"}],"replies":[{"embeddable":true,"href":"https:\/\/spack-webdesign.de\/rehl-klima\/wp-json\/wp\/v2\/comments?post=6489"}],"version-history":[{"count":3,"href":"https:\/\/spack-webdesign.de\/rehl-klima\/wp-json\/wp\/v2\/pages\/6489\/revisions"}],"predecessor-version":[{"id":6814,"href":"https:\/\/spack-webdesign.de\/rehl-klima\/wp-json\/wp\/v2\/pages\/6489\/revisions\/6814"}],"up":[{"embeddable":true,"href":"https:\/\/spack-webdesign.de\/rehl-klima\/wp-json\/wp\/v2\/pages\/5999"}],"wp:attachment":[{"href":"https:\/\/spack-webdesign.de\/rehl-klima\/wp-json\/wp\/v2\/media?parent=6489"}],"curies":[{"name":"wp","href":"https:\/\/api.w.org\/{rel}","templated":true}]}}

<div class="fusion-fullwidth fullwidth-box fusion-builder-row-1 fusion-flex-container has-pattern-background has-mask-background nonhundred-percent-fullwidth non-hundred-percent-height-scrolling" style="--awb-border-radius-top-left:0px;--awb-border-radius-top-right:0px;--awb-border-radius-bottom-right:0px;--awb-border-radius-bottom-left:0px;--awb-margin-bottom:60px;--awb-flex-wrap:wrap;" ><div class="fusion-builder-row fusion-row fusion-flex-align-items-flex-start fusion-flex-content-wrap" style="max-width:1216.8px;margin-left: calc(-4% / 2 );margin-right: calc(-4% / 2 );"><div class="fusion-layout-column fusion_builder_column fusion-builder-column-0 fusion_builder_column_1_1 1_1 fusion-flex-column" style="--awb-padding-bottom:25px;--awb-overflow:hidden;--awb-bg-blend:overlay;--awb-bg-size:cover;--awb-border-color:#d8d8d8;--awb-border-color-hover:#5a80dd;--awb-border-radius:15px 15px 15px 15px;--awb-width-large:100%;--awb-margin-top-large:0px;--awb-spacing-right-large:1.92%;--awb-margin-bottom-large:0px;--awb-spacing-left-large:1.92%;--awb-width-medium:100%;--awb-spacing-right-medium:1.92%;--awb-spacing-left-medium:1.92%;--awb-width-small:100%;--awb-spacing-right-small:1.92%;--awb-spacing-left-small:1.92%;"><div class="fusion-column-wrapper fusion-flex-justify-content-flex-start fusion-content-layout-column"><div class="fusion-text fusion-text-1" style="--awb-text-font-family:&quot;Kumbh Sans&quot;;--awb-text-font-style:normal;--awb-text-font-weight:300;"><div class="wpb_text_column wpb_content_element ">
<p>Die Planung beginnt immer mit der Frage: Wie viel Licht wird benötigt und was ist vorgeschrieben? Für gewerblich genutzte Flächen ist die Mindestlichtstärke vorgeschrieben, was nicht allgemein bekannt ist. Vor allem die Berufsgenossenschaft legt hierauf einen großen Wert.</p>
<p>Wir bieten Ihnen eine normative Lichtplanung Ihrer bestehenden oder neuen Beleuchtungsanlagen, nach allen vorgeschriebenen DIN-Normen und liefern die Beleuchtungssysteme namhafter Hersteller mit allen Zertifizierungen. Richtige Lichtplaner wissen genau, welche Leuchtmittel benötigt werden, um allen vorgeschriebenen Richtlinien gerecht zu werden sowie das Maximum an Energiekosten durch LED-Beleuchtung zu sparen.</p>
<p>Mit unserem Know-How planen und realisieren wir auch für spezielle Beleuchtungsaufgaben individuelle Lichtlösungen. Dazu haben Sie bei uns noch einen weiteren Vorteil: wir liefern alles aus einer Hand – die Lichtplanung sowie die Beleuchtungs-mittel Rehl Energy GmbH ist ein autorisierter Händler rund um die LED Technik.</p>
</div>
</div></div></div><div class="fusion-layout-column fusion_builder_column fusion-builder-column-1 fusion_builder_column_1_2 1_2 fusion-flex-column fusion-flex-align-self-center" style="--awb-bg-size:cover;--awb-width-large:50%;--awb-margin-top-large:0px;--awb-spacing-right-large:3.84%;--awb-margin-bottom-large:20px;--awb-spacing-left-large:3.84%;--awb-width-medium:100%;--awb-order-medium:0;--awb-spacing-right-medium:1.92%;--awb-spacing-left-medium:1.92%;--awb-width-small:100%;--awb-order-small:0;--awb-spacing-right-small:1.92%;--awb-spacing-left-small:1.92%;"><div class="fusion-column-wrapper fusion-column-has-shadow fusion-flex-justify-content-flex-start fusion-content-layout-column"><div class="fusion-image-element awb-imageframe-style awb-imageframe-style-below awb-imageframe-style-1" style="text-align:center;--awb-caption-title-color:var(--awb-color5);--awb-caption-margin-top:25px;--awb-caption-margin-bottom:25px;--awb-caption-title-font-family:var(--h3_typography-font-family);--awb-caption-title-font-weight:var(--h3_typography-font-weight);--awb-caption-title-font-style:var(--h3_typography-font-style);--awb-caption-title-size:var(--h3_typography-font-size);--awb-caption-title-transform:none;--awb-caption-title-line-height:var(--h3_typography-line-height);--awb-caption-title-letter-spacing:var(--h3_typography-letter-spacing);"><span class=" fusion-imageframe imageframe-none imageframe-1 hover-type-zoomin"><img decoding="async" width="500" height="375" title="innenbeleuchtung" src="https://spack-webdesign.de/rehl-klima/wp-content/uploads/2025/09/innenbeleuchtung.jpg" alt class="img-responsive wp-image-6687" srcset="https://spack-webdesign.de/rehl-klima/wp-content/uploads/2025/09/innenbeleuchtung-200x150.jpg 200w, https://spack-webdesign.de/rehl-klima/wp-content/uploads/2025/09/innenbeleuchtung-400x300.jpg 400w, https://spack-webdesign.de/rehl-klima/wp-content/uploads/2025/09/innenbeleuchtung.jpg 500w" sizes="(max-width: 1024px) 100vw, (max-width: 640px) 100vw, 500px" /></span><div class="awb-imageframe-caption-container" style="text-align:center;"><div class="awb-imageframe-caption"><h3 class="awb-imageframe-caption-title">Planung - Innenbereich</h3></div></div></div><div style="text-align:center;"><a class="fusion-button button-flat fusion-button-default-size button-default fusion-button-default button-1 fusion-button-default-span fusion-button-default-type" target="_self" href="https://spack-webdesign.de/rehl-klima/kontakt/"><span class="fusion-button-text awb-button__text awb-button__text--default">Jetzt anfragen</span></a></div></div></div><div class="fusion-layout-column fusion_builder_column fusion-builder-column-2 fusion_builder_column_1_2 1_2 fusion-flex-column" style="--awb-bg-size:cover;--awb-width-large:50%;--awb-margin-top-large:0px;--awb-spacing-right-large:3.84%;--awb-margin-bottom-large:20px;--awb-spacing-left-large:3.84%;--awb-width-medium:100%;--awb-order-medium:0;--awb-spacing-right-medium:1.92%;--awb-spacing-left-medium:1.92%;--awb-width-small:100%;--awb-order-small:0;--awb-spacing-right-small:1.92%;--awb-spacing-left-small:1.92%;"><div class="fusion-column-wrapper fusion-column-has-shadow fusion-flex-justify-content-flex-start fusion-content-layout-column"><div class="fusion-image-element awb-imageframe-style awb-imageframe-style-below awb-imageframe-style-2" style="text-align:center;--awb-caption-title-color:var(--awb-color5);--awb-caption-text-transform:none;--awb-caption-margin-top:25px;--awb-caption-margin-bottom:25px;--awb-caption-title-font-family:var(--h3_typography-font-family);--awb-caption-title-font-weight:var(--h3_typography-font-weight);--awb-caption-title-font-style:var(--h3_typography-font-style);--awb-caption-title-size:var(--h3_typography-font-size);--awb-caption-title-transform:none;--awb-caption-title-line-height:var(--h3_typography-line-height);--awb-caption-title-letter-spacing:var(--h3_typography-letter-spacing);"><span class=" fusion-imageframe imageframe-none imageframe-2 hover-type-zoomin"><img decoding="async" width="500" height="375" title="aussenbeleuchtung" src="https://spack-webdesign.de/rehl-klima/wp-content/uploads/2025/09/aussenbeleuchtung.jpg" alt class="img-responsive wp-image-6686" srcset="https://spack-webdesign.de/rehl-klima/wp-content/uploads/2025/09/aussenbeleuchtung-200x150.jpg 200w, https://spack-webdesign.de/rehl-klima/wp-content/uploads/2025/09/aussenbeleuchtung-400x300.jpg 400w, https://spack-webdesign.de/rehl-klima/wp-content/uploads/2025/09/aussenbeleuchtung.jpg 500w" sizes="(max-width: 1024px) 100vw, (max-width: 640px) 100vw, 500px" /></span><div class="awb-imageframe-caption-container" style="text-align:center;"><div class="awb-imageframe-caption"><h3 class="awb-imageframe-caption-title">Planung - Außenbereich</h3></div></div></div><div style="text-align:center;"><a class="fusion-button button-flat fusion-button-default-size button-default fusion-button-default button-2 fusion-button-default-span fusion-button-default-type" target="_self" href="https://spack-webdesign.de/rehl-klima/kontakt/"><span class="fusion-button-text awb-button__text awb-button__text--default">Jetzt anfragen</span></a></div></div></div></div></div>
