{"id":5456,"date":"2025-07-21T16:06:21","date_gmt":"2025-07-21T14:06:21","guid":{"rendered":"https:\/\/spack-webdesign.de\/rehl-klima\/?page_id=5456"},"modified":"2025-07-21T16:06:43","modified_gmt":"2025-07-21T14:06:43","slug":"agb","status":"publish","type":"page","link":"https:\/\/spack-webdesign.de\/rehl-klima\/agb\/","title":{"rendered":"AGB"},"content":{"rendered":"<div class=\"fusion-fullwidth fullwidth-box fusion-builder-row-1 fusion-flex-container nonhundred-percent-fullwidth non-hundred-percent-height-scrolling fusion-animated\" style=\"--awb-border-radius-top-left:0px;--awb-border-radius-top-right:0px;--awb-border-radius-bottom-right:0px;--awb-border-radius-bottom-left:0px;--awb-margin-bottom:120px;--awb-margin-bottom-medium:80px;--awb-margin-bottom-small:60px;--awb-flex-wrap:wrap;\" data-animationType=\"fadeInUp\" data-animationDuration=\"1.3\" data-animationOffset=\"top-into-view\" ><div class=\"fusion-builder-row fusion-row fusion-flex-align-items-center fusion-flex-content-wrap\" style=\"max-width:1216.8px;margin-left: calc(-4% \/ 2 );margin-right: calc(-4% \/ 2 );\"><div class=\"fusion-layout-column fusion_builder_column fusion-builder-column-0 fusion_builder_column_1_1 1_1 fusion-flex-column\" style=\"--awb-bg-blend:overlay;--awb-bg-size:cover;--awb-width-large:100%;--awb-margin-top-large:0px;--awb-spacing-right-large:1.92%;--awb-margin-bottom-large:0px;--awb-spacing-left-large:3.84%;--awb-width-medium:60%;--awb-spacing-right-medium:3.2%;--awb-spacing-left-medium:6.4%;--awb-width-small:100%;--awb-spacing-right-small:1.92%;--awb-spacing-left-small:1.92%;\"><div class=\"fusion-column-wrapper fusion-flex-justify-content-flex-start fusion-content-layout-column\"><div class=\"fusion-text fusion-text-1 fusion-text-no-margin\" style=\"--awb-text-color:var(--awb-color7);\"><div class=\"wpb_text_column wpb_content_element \">\n<h1>AGB<\/h1>\n<\/div>\n<div class=\"wpb_text_column wpb_content_element \">\n<div class=\"wpb_wrapper\">\n<ol>\n<li><strong>Geltungsbereich<\/strong><\/li>\n<\/ol>\n<p>1.1 Die Rehl Energy GmbH (nachfolgend: Rehl Energy) verkauft und liefert die auf www.rehl-energy.de zur Solarstromerzeugung, Speicherung und Nutzung angebotenen Photovoltaikmodule, Ger\u00e4te und Systeme ausschlie\u00dflich auf der Grundlage und nach Ma\u00dfgabe dieser \u00a0Allgemeinen Gesch\u00e4ftsbedingungen (nachfolgend: AGB), welche auch f\u00fcr die Erbringung der auf www.rehl-energy.de\u00a0 angebotenen Beratungs- und Planungsleistungen gelten. Kunden, die in Aus\u00fcbung ihrer gewerblichen oder selbst\u00e4ndigen T\u00e4tigkeit handeln, gelten als Unternehmer. F\u00fcr diese gilt \u00a7 310 Abs.1 BGB ebenso wie f\u00fcr juristische Personen des \u00f6ffentlichen Rechts oder \u00f6ffentlich-rechtliche Sonderverm\u00f6gen.\u00a0 Vertragsabschl\u00fcsse mit Verbrauchern sind in Ausnahmef\u00e4llen m\u00f6glich.<\/p>\n<p>1.2 Von diesen AGB abweichende AGB\u00a0 des Kunden haben keine G\u00fcltigkeit.<\/p>\n<ol start=\"2\">\n<li><strong>Vertragsabschluss \/ Bindungsfrist<\/strong><\/li>\n<\/ol>\n<p>2.1\u00a0 \u00a0Angebote von Rehl Energy sind freibleibend.<\/p>\n<p>2.2 Von Rehl Energy genannte Preise sind grunds\u00e4tzlich Nettobetr\u00e4ge, die sich um die jeweils g\u00fcltige gesetzliche Umsatzsteuer erh\u00f6hen.<\/p>\n<p>2.3 Die \u00a0Bestellung des Kunden \u00a0ist ein diesen f\u00fcr die Dauer von drei Wochen ab Eingang bei Rehl Energy bindender Antrag \u00a0\u00a0zum Abschluss eines \u00a0Vertrages. Rehl Energy kann diesen Antrag binnen drei\u00a0 Wochen durch \u00a0Auftragsbest\u00e4tigung, \u00dcbersendung einer Rechnung bei Vorauskasse oder Lieferung bzw. Leistung \u00a0\u00a0annehmen.<\/p>\n<ol start=\"3\">\n<li><strong>Zahlung und Verzug<\/strong><\/li>\n<\/ol>\n<p>3.1 Lieferung erfolgt \u00a0gegen Vorkasse, sofern\u00a0 nichts\u00a0 anderes vereinbart ist.<\/p>\n<p>3.2 Der Rechnungsbetrag ist mit Rechnungszugang \u00a0ohne jeden Abzug sofort zur Zahlung f\u00e4llig und binnen 7 Tagen\u00a0 zu zahlen.<\/p>\n<p>3.3 Der Erf\u00fcllungsort f\u00fcr Zahlungen des Kunden ist Andernach.<\/p>\n<p>3.4 Voraussetzung f\u00fcr die Wahrung von Zahlungsfristen bzw. Zahlungsterminen ist der rechtzeitige Eingang der Zahlung bei Rehl Energy.<\/p>\n<p>3.4 Voraussetzungen und Folgen des Kundenverzuges richten sich nach den \u00a7\u00a7 286, 287, 288 BGB.<\/p>\n<ol start=\"4\">\n<li><strong>Lieferung und Transport<\/strong><\/li>\n<\/ol>\n<p>4.1 Liefertermine oder Lieferfristen sind nur bei ausdr\u00fccklicher schriftlicher Best\u00e4tigung von Rehl Energy verbindlich.<\/p>\n<p>4.2 Im Falle h\u00f6herer Gewalt, von Betriebsst\u00f6rungen durch Arbeitskampf beim Lieferanten von Rehl Energy oder im Bereich von Transport und Verkehr sowie bei hoheitlichen Ma\u00dfnahmen\u00a0 verschieben sich Liefertermine bzw. verl\u00e4ngern sich Lieferfristen jeglicher Art um die Dauer der die Lieferung ohne eigenes Verschulden von Rehl Energy hindernden Umst\u00e4nde.<\/p>\n<p>Rehl Energy \u00a0wird den Kunden nach eigener Kenntnis von den hindernden Umst\u00e4nden \u00fcber diese \u00a0und deren Auswirkungen auf\u00a0 Lieferung \u00a0und Leistung informieren.<\/p>\n<p>4.3 \u00a0Rehl Energy \u00a0kann bei Ausfall bzw. erheblicher Verz\u00f6gerung der von ihrem Lieferanten \u00a0vertraglich geschuldeten Lieferung \u00a0ihrerseits dem Kunden qualitativ und preislich ad\u00e4quate, anderweitig beziehbare Photovoltaikmodule, Ger\u00e4te und Systeme \u00a0liefern. Der Kunde wird\u00a0 hier\u00fcber unverz\u00fcglich\u00a0 informiert. \u00a0\u00a0Ist der Kunde nicht einverstanden, kann er unverz\u00fcglich, sp\u00e4testens binnen 3 Tagen ab Zugang der Mitteilung vom Vertrag zur\u00fccktreten unter Ausschluss jeglichen Ersatzanspruchs. In diesem Fall steht Rehl Energy eine Aufwandsentsch\u00e4digung von 1.000,00 \u20ac netto zu, welche von einem etwaigen Erstattungsbetrag\u00a0 aus Kundenzahlung in Abzug gebracht werden kann; dem Kunden bleibt vorbehalten, den Nachweis geringerer Kosten zu f\u00fchren. Ist der Kunde einverstanden, ist eine etwaige \u00dcberzahlung an ihn zu erstatten bzw. eine etwaige Zuzahlung von ihm zu leisten.<\/p>\n<p>F\u00e4llt der von Rehl Energy beauftragte Lieferant aus von Rehl Energy nicht zu vertretenden Gr\u00fcnden gleich welcher Art mit der Lieferung f\u00fcr den Kunden aus, ist Rehl Energy zum R\u00fccktritt vom Vertrag unter Ausschluss jeglichen Ersatzanspruches berechtigt; eine Verpflichtung zur anderweitigen Beschaffung besteht f\u00fcr Rehl Energy nicht.<\/p>\n<p>4.4 Rehl Energy \u00a0ist zu \u00a0Teillieferungen und Teilleistungen berechtigt, \u00a0sofern dies f\u00fcr den Kunden nicht unzumutbar ist.<\/p>\n<ol start=\"5\">\n<li><strong>Eigentumsvorbehalt<\/strong><\/li>\n<\/ol>\n<p>Rehl Energy beh\u00e4lt sich das Eigentum am Liefergegenstand bis zur vollst\u00e4ndigen Bezahlung und Erf\u00fcllung aller gegen den Kunden aus der Gesch\u00e4ftsbeziehung bestehenden Anspr\u00fcche vor. \u00a0W\u00e4hrend des Eigentumsvorbehalts \u00a0ist eine\u00a0 Verpf\u00e4ndung, Sicherungs\u00fcbereignung, sonstige Verf\u00fcgung, Verarbeitung oder Umgestaltung des Liefergegenstands \u00a0\u00a0ohne vorherige \u00a0Einwilligung von Rehl Energy nicht zul\u00e4ssig.<\/p>\n<ol start=\"6\">\n<li><strong>Gefahr\u00fcbergang<\/strong><\/li>\n<\/ol>\n<p>6.1 Die Gefahr des zuf\u00e4lligen Untergangs und der zuf\u00e4lligen Verschlechterung der Liefergegenst\u00e4nde geht bei Abholung durch den Kunden mit Zugang der Anzeige von Rehl Energy oder dem in deren Auftrag t\u00e4tigen Lieferanten auf den Kunden \u00fcber.<\/p>\n<p>6.2 Wird auf Wunsch des Kunden versandt und geliefert, geht die Gefahr mit Auslieferung der Liefergegenst\u00e4nde an den beauftragten Fahrer von Rehl Energy, von deren Lieferanten oder an den beauftragten Spediteur, Frachtf\u00fchrer oder an das beauftragte Versandunternehmen \u00fcber.<\/p>\n<ol start=\"7\">\n<li><strong>Gew\u00e4hrleistung \u2013 M\u00e4ngel<\/strong><\/li>\n<\/ol>\n<p>7.1 Die Gew\u00e4hrleistung betr\u00e4gt ein Jahr ab Ablieferung der Ware, sofern nicht das Gesetz zwingend l\u00e4ngere Fristen vorschreibt.<\/p>\n<p>7.2 Ist der Kauf f\u00fcr beide Parteien ein Handelsgesch\u00e4ft, so hat der Kunde gem\u00e4\u00df \u00a7 377 HGB den Liefergegenstand unverz\u00fcglich nach der Ablieferung durch Rehl Energy bzw. in deren Auftrag durch Dritte, soweit dies nach ordnungsm\u00e4\u00dfigem Gesch\u00e4ftsgang tunlich ist, zu untersuchen und einen etwaigen Mangel gegen\u00fcber Rehl Energy unverz\u00fcglich anzuzeigen; andernfalls gilt die Lieferung als genehmigt.<\/p>\n<p>7.3 Liegt ein Mangel nach den gesetzlichen Bestimmungen vor, kann Rehl Energy nach seiner Wahl als Nacherf\u00fcllung den Mangel beseitigen oder eine mangelfreie Sache liefern. Nach zweimaligem Fehlschlag der Nachbesserung steht dem Kunden das Recht zur Minderung oder zum R\u00fccktritt zu.<\/p>\n<p>7.4 Keine Haftung und Gew\u00e4hrleistung besteht bei nat\u00fcrlicher Abnutzung sowie bei Sch\u00e4den aufgrund unsachgem\u00e4\u00dfer Behandlung, nicht vertragsgem\u00e4\u00dfer \u00fcberm\u00e4\u00dfiger Beanspruchung, unsachgem\u00e4\u00dfer \u00c4nderung oder Instandsetzung, der Verwendung ungeeigneter Betriebsmittel, aufgrund bauseitiger M\u00e4ngel, Blitzschlags, \u00dcberspannung oder anderer \u00e4u\u00dferer Einwirkungen, die nicht zu den vertraglich vorausgesetzten bzw. vereinbarten Bedingungen und Umst\u00e4nden z\u00e4hlen.<\/p>\n<ol start=\"8\">\n<li><strong>Schadensersatz<\/strong><\/li>\n<\/ol>\n<p>8.1 Rehl Energy haftet nach den gesetzlichen Vorschriften f\u00fcr Sch\u00e4den aus Verletzung von Leben, K\u00f6rper oder Gesundheit, die auf einer schuldhaften Pflichtverletzung von Rehl Energy, ihrer gesetzlichen Vertreter oder Erf\u00fcllungsgehilfen beruhen.<\/p>\n<p>8.2 Hinsichtlich sonstiger Sch\u00e4den haftet Rehl Energy bei eigener oder durch ihre gesetzlichen Vertreter oder ihre Erf\u00fcllungsgehilfen begangener vors\u00e4tzlicher oder grob fahrl\u00e4ssiger Pflichtverletzung.<\/p>\n<p>8.3 Soweit vorstehende Ziffern 8.1 und 8.2 nicht entgegenstehen, ist die Haftung von Rehl Energy bei fahrl\u00e4ssiger Verletzung wesentlicher Vertragspflichten, also solcher Plichten, deren Erf\u00fcllung die ordnungsgem\u00e4\u00dfe Vertragsdurchf\u00fchrung erst erm\u00f6glicht und auf deren Einhaltung der Kunde vertraut und vertrauen darf, auf den vertragstypisch vorhersehbaren Schaden begrenzt.<\/p>\n<p>8.4 Im \u00dcbrigen ist die Haftung von Rehl Energy auf Schadensersatz und Aufwendungsersatz ausgeschlossen.<\/p>\n<ol start=\"9\">\n<li><strong>Aufrechnung und Zur\u00fcckbehaltung<\/strong><\/li>\n<\/ol>\n<p>9.1 Der Kunde kann gegen\u00fcber der Forderung von Rehl Energy f\u00fcr Lieferung und Leistung nur mit unbestrittenen oder rechtskr\u00e4ftig festgestellten Forderungen aufrechnen.<\/p>\n<p>9.2 Der Kunde kann ein Zur\u00fcckbehaltungsrecht nur wegen unbestrittener oder rechtskr\u00e4ftig festgestellten Forderungen geltend machen.<\/p>\n<ol start=\"10\">\n<li><strong>Gerichtsstand und Rechtswahl<\/strong><\/li>\n<\/ol>\n<p>10.1 Gerichtsstand f\u00fcr alle Streitigkeiten aus diesem Vertrag ist das f\u00fcr den Sitz von Rehl Energy zust\u00e4ndige Gericht, sofern der Kunde Kaufmann, juristische Person des \u00f6ffentlichen Rechts oder \u00f6ffentlich-rechtliches Sonderverm\u00f6gen \u00a0ist.<\/p>\n<p>10.2 Alle Rechtsbeziehungen zwischen Rehl Energy und dem Kunden unterliegen dem Recht der Bundesrepublik Deutschland unter Ausschluss des deutschen Kollisionsrechts und des UN-Kaufrechts.<\/p>\n<ol start=\"11\">\n<li><strong>Nebenabreden, Vertrags\u00e4nderungen und -erg\u00e4nzungen, Form<\/strong><\/li>\n<\/ol>\n<p>M\u00fcndliche Nebenabreden im Zusammenhang mit dem Vertragsschluss bestehen nicht. Nebenabreden, \u00c4nderungen und Erg\u00e4nzungen des Vertrages bed\u00fcrfen der Textform. Die Schriftformbestimmung kann nur durch eine schriftliche Vereinbarung aufgehoben werden.\u00a0 Schweigen von Rehl Energy auf Erkl\u00e4rungen des Kunden ist keine Zustimmung.<\/p>\n<ol start=\"12\">\n<li><strong>Salvatorische Klausel<\/strong><\/li>\n<\/ol>\n<p>12.1 Wenn der zu diesen Bedingungen abgeschlossene Vertrag eine L\u00fccke enth\u00e4lt oder eine Bestimmung ganz oder teilweise unwirksam ist oder wird, bleibt der Vertrag im \u00dcbrigen wirksam.<\/p>\n<p>12.2.\u00a0\u00a0\u00a0 Beruht die Unwirksamkeit nicht auf einem Versto\u00df gegen \u00a7\u00a7 307-309 BGB, gilt anstelle der unwirksamen Bestimmung eine Bestimmung als vereinbart, welche dem Sinn und Zweck der unwirksamen Bestimmung wirtschaftlich rechtswirksam am n\u00e4chsten kommt.<\/p>\n<p>12.3. \u00a0\u00a0 Der Vertrag ist jedoch in vollem Umfang unwirksam, wenn das Festhalten an ihm auch unter Ber\u00fccksichtigung der gem\u00e4\u00df Nr.\u00a012.2 vorgesehenen \u00c4nderung eine unzumutbare H\u00e4rte f\u00fcr einen Vertragspartner darstellen w\u00fcrde.<\/p>\n<p><strong>13. Hinweise zur Datenverarbeitung<\/strong><\/p>\n<p><strong>13.1. Diese Datenschutzhinweise gelten f\u00fcr die Datenverarbeitung durch:<\/strong><\/p>\n<p>Rehl Energy GmbH, vertreten durch die Gesch\u00e4ftsf\u00fchrerin Irene Rehl, Lessingstra\u00dfe 4,<br \/>\n56626 Andernach. ( Tel.: +49 2632\/495122; Fax.: +49 2632\/495121; E-Mail:\u00a0<a href=\"mailto:info@rehl-energy.de\">info@rehl-energy.de<\/a>; Internet:\u00a0<a href=\"http:\/\/www.rehl-energy.de\/\">www.rehl-energy.de<\/a>; HRB 25438, Amtsgericht Koblenz)<\/p>\n<p>als Verantwortlicher.<\/p>\n<p><strong>13.2. Erhebung und Speicherung personenbezogener Daten sowie Art und Zweck und deren Verwendung<\/strong><\/p>\n<p>Wenn Sie uns unabh\u00e4ngig von dem Kontakt \u00fcber unsere Website kontaktieren und beauftragen, erheben wir folgende Daten:<\/p>\n<ul>\n<li>Anrede, Vorname, Nachname,<\/li>\n<li>eine g\u00fcltige E-Mail-Adresse,<\/li>\n<li>Anschrift,<\/li>\n<li>Telefonnummer (Festnetz und\/oder Mobilfunk)<\/li>\n<li>Informationen, die f\u00fcr die Erfassung und Durchf\u00fchrung des Vertrages mit Ihnen notwendig sind.<\/li>\n<\/ul>\n<p>Die Erhebung dieser Daten erfolgt,<\/p>\n<ul>\n<li>um Sie als unseren Kunden und Vertragspartner identifizieren zu k\u00f6nnen;<\/li>\n<li>um Sie vor und nach Abschluss eines Vertrages beraten und unterst\u00fctzen zu k\u00f6nnen und die Vertragserf\u00fcllung zu erm\u00f6glichen;<\/li>\n<li>zur Korrespondenz mit Ihnen;<\/li>\n<li>zur Rechnungsstellung;<\/li>\n<li>zur Abwicklung von evtl. vorliegenden Haftungsanspr\u00fcchen sowie der Geltendmachung etwaiger Anspr\u00fcche gegen Sie;<\/li>\n<\/ul>\n<p>Die Datenverarbeitung erfolgt auf Ihre Anfrage hin und ist nach Art. 6 Abs. 1 S. 1 lit. b DSGVO zu den genannten Zwecken f\u00fcr die Bearbeitung Ihres Auftrags und f\u00fcr die beidseitige Erf\u00fcllung von Verpflichtungen aus dem Vertrag mit Ihnen erforderlich<\/p>\n<p>Die in diesem Zusammenhang anfallenden Daten l\u00f6schen wir, nachdem die Speicherung nicht mehr erforderlich ist, es sei denn, dass wir nach Artikel 6 Abs. 1 S. 1 lit. c DSGVO aufgrund von steuer- und handelsrechtlichen Aufbewahrungs- und Dokumentationspflichten (aus HGB, StGB oder AO) zu einer l\u00e4ngeren Speicherung verpflichtet sind oder Sie in eine dar\u00fcber hinausgehende Speicherung nach Art. 6 Abs. 1 S. 1 lit. a DSGVO eingewilligt haben.<\/p>\n<p><strong>\u00a0<\/strong><strong>13.3. Weitergabe von Daten an Dritte<\/strong><\/p>\n<p>Eine \u00dcbermittlung Ihrer pers\u00f6nlichen Daten an Dritte zu anderen als den vorstehend unter Ziffer 13.2 aufgef\u00fchrten Zwecken findet nicht statt. Soweit dies nach Art. 6 Abs. 1 S. 1 lit. b DSGVO f\u00fcr die Durchf\u00fchrung des Vertrages\u00a0 mit Ihnen erforderlich ist, werden Ihre personenbezogenen Daten an Dritte weitergegeben. Die weitergegebenen Daten d\u00fcrfen von dem Dritten ausschlie\u00dflich zu den genannten Zwecken verwendet werden.<\/p>\n<p><strong>13.4. Ihre Rechte<\/strong><\/p>\n<p>Sie haben gegen\u00fcber uns folgende Rechte hinsichtlich der Sie betreffenden personenbezogenen Daten:<\/p>\n<p>\u2013\u00a0\u00a0\u00a0\u00a0\u00a0\u00a0\u00a0\u00a0\u00a0 Recht auf Auskunft,<\/p>\n<p>\u2014\u00a0\u00a0 \u00a0\u00a0\u00a0\u00a0\u00a0\u00a0Recht auf jederzeitigen Widerruf einer erteilten Einwilligung<\/p>\n<p>\u2013\u00a0\u00a0\u00a0\u00a0\u00a0\u00a0\u00a0\u00a0\u00a0 Recht auf Berichtigung oder L\u00f6schung,<\/p>\n<p>\u2013\u00a0\u00a0\u00a0\u00a0\u00a0\u00a0\u00a0\u00a0\u00a0 Recht auf Einschr\u00e4nkung der Verarbeitung,<\/p>\n<p>\u2013\u00a0\u00a0\u00a0\u00a0\u00a0\u00a0\u00a0\u00a0\u00a0 Recht auf Widerspruch gegen die Verarbeitung,<\/p>\n<p>\u2013\u00a0\u00a0\u00a0\u00a0\u00a0\u00a0\u00a0\u00a0 Recht auf Daten\u00fcbertragbarkeit.<\/p>\n<p>\u2013\u00a0\u00a0 \u00a0\u00a0\u00a0\u00a0\u00a0\u00a0Recht, sich bei einer Datenschutz-Aufsichtsbeh\u00f6rde \u00fcber die Verarbeitung Ihrer<\/p>\n<p>personenbezogenen Daten durch uns zu beschweren.<\/p>\n<p><strong>13.5.\u00a0<\/strong><strong>Widerspruchsrecht<\/strong><\/p>\n<p>Sofern Ihre personenbezogenen Daten auf Grundlage von berechtigten Interessen gem\u00e4\u00df Art. 6 Abs. 1 S. 1 lit. f DSGVO verarbeitet werden, haben Sie das Recht, gem\u00e4\u00df Art. 21 DSGVO Widerspruch gegen die Verarbeitung Ihrer personenbezogenen Daten einzulegen, soweit daf\u00fcr Gr\u00fcnde vorliegen, die sich aus Ihrer besonderen Situation ergeben. M\u00f6chten Sie von Ihrem Widerspruchsrecht Gebrauch machen, gen\u00fcgt eine E-Mail an\u00a0<u>info@rehl-energy.de<\/u><\/p>\n<p><strong>13.6.\u00a0 Aktualit\u00e4t und \u00c4nderung dieser Hinweise zur Datenverarbeitung<\/strong><\/p>\n<p>Diese Hinweise zur Datenverarbeitung sind aktuell g\u00fcltig und haben den Stand Mai 2018. Aufgrund ge\u00e4nderter gesetzlicher beziehungsweise beh\u00f6rdlicher Vorgaben oder in Umsetzung zuk\u00fcnftiger Rechtsprechung kann es notwendig werden, diese Hinweise zu \u00e4ndern. Die jeweils aktuellen\u00a0 Hinweise zur Datenverarbeitung k\u00f6nnen jederzeit auf unserer Website\u00a0<a href=\"http:\/\/www.rehl-energy.de\/\">www.rehl-energy.de<\/a>\u00a0unter Impressum\/Hinweise\u00a0 abgerufen und ausgedruckt werden.<\/p>\n<p><strong>13.7. Nutzung unserer Website<\/strong><\/p>\n<p>Soweit Sie unsere Website\u00a0<a href=\"http:\/\/www.rehl-energy.de\/\">www.rehl-energy.de<\/a>\u00a0nutzen, gilt die dort hinterlegte Datenschutzerkl\u00e4rung.<\/p>\n<\/div>\n<\/div>\n<\/div><\/div><\/div><\/div><\/div>\n","protected":false},"excerpt":{"rendered":"","protected":false},"author":1,"featured_media":5336,"parent":0,"menu_order":0,"comment_status":"closed","ping_status":"closed","template":"100-width.php","meta":{"footnotes":""},"class_list":["post-5456","page","type-page","status-publish","has-post-thumbnail","hentry"],"_links":{"self":[{"href":"https:\/\/spack-webdesign.de\/rehl-klima\/wp-json\/wp\/v2\/pages\/5456","targetHints":{"allow":["GET"]}}],"collection":[{"href":"https:\/\/spack-webdesign.de\/rehl-klima\/wp-json\/wp\/v2\/pages"}],"about":[{"href":"https:\/\/spack-webdesign.de\/rehl-klima\/wp-json\/wp\/v2\/types\/page"}],"author":[{"embeddable":true,"href":"https:\/\/spack-webdesign.de\/rehl-klima\/wp-json\/wp\/v2\/users\/1"}],"replies":[{"embeddable":true,"href":"https:\/\/spack-webdesign.de\/rehl-klima\/wp-json\/wp\/v2\/comments?post=5456"}],"version-history":[{"count":2,"href":"https:\/\/spack-webdesign.de\/rehl-klima\/wp-json\/wp\/v2\/pages\/5456\/revisions"}],"predecessor-version":[{"id":5458,"href":"https:\/\/spack-webdesign.de\/rehl-klima\/wp-json\/wp\/v2\/pages\/5456\/revisions\/5458"}],"wp:featuredmedia":[{"embeddable":true,"href":"https:\/\/spack-webdesign.de\/rehl-klima\/wp-json\/wp\/v2\/media\/5336"}],"wp:attachment":[{"href":"https:\/\/spack-webdesign.de\/rehl-klima\/wp-json\/wp\/v2\/media?parent=5456"}],"curies":[{"name":"wp","href":"https:\/\/api.w.org\/{rel}","templated":true}]}}